{"id":172,"date":"2024-03-18T22:24:11","date_gmt":"2024-03-18T22:24:11","guid":{"rendered":"https:\/\/foroprogresotenerife.org\/?page_id=172"},"modified":"2024-03-19T09:05:51","modified_gmt":"2024-03-19T09:05:51","slug":"transformacion-digital-de-la-administracion-publica-y-las-pymes","status":"publish","type":"page","link":"https:\/\/foroprogresotenerife.org\/index.php\/transformacion-digital-de-la-administracion-publica-y-las-pymes\/","title":{"rendered":"Transformaci\u00f3n Digital de la Administraci\u00f3n P\u00fablica y las PYMEs"},"content":{"rendered":"\n<figure class=\"wp-block-pullquote has-text-align-left\"><blockquote><p>El SXXI, que empez\u00f3 ya hace m\u00e1s de 20 a\u00f1os, y sus efectos transformadores demandan una nueva gesti\u00f3n de los procesos, de la informaci\u00f3n, de la cultura organizativa y de los recursos humanos. Estamos en muchos aspectos retrasados tanto en el \u00e1mbito p\u00fablico, sobre todo, como en el \u00e1mbito privado, en particular en las peque\u00f1as y medianas empresas. Es un desaf\u00edo que requiere divulgaci\u00f3n, recursos y en muchas ocasiones ruptura. Debemos convertirnos en un territorio atractivo por la densidad digital y no s\u00f3lo por las eficiencias de sus infraestructuras.<\/p><\/blockquote><\/figure>\n\n\n\n<div class=\"wp-block-columns is-layout-flex wp-container-core-columns-is-layout-9d6595d7 wp-block-columns-is-layout-flex\">\n<div class=\"wp-block-column is-layout-flow wp-block-column-is-layout-flow\" style=\"flex-basis:100%\">\n<div class=\"wp-block-group is-layout-constrained wp-block-group-is-layout-constrained\">\n<figure class=\"wp-block-table alignleft is-style-stripes has-small-font-size\"><table><tbody><tr><td><strong>Algunos datos que sirven para identificar el problema<\/strong><\/td><td>Lentitud procesos administrativos<br>Escasa penetraci\u00f3n comparable de procesos de transformaci\u00f3n digital en PYMES<br>Escasa penetraci\u00f3n en tejido productivo de tecnolog\u00edas habilitadoras<br>Reducida penetraci\u00f3n comercio electr\u00f3nico<br>D\u00e9ficit protecci\u00f3n riesgos ciberseguridad<\/td><\/tr><tr><td><strong>Referencias bibliogr\u00e1ficas o documentales<\/strong><\/td><td><a href=\"https:\/\/www.octsi.es\/datos\/indicadores\" target=\"_blank\" rel=\"noreferrer noopener\">https:\/\/www.octsi.es\/datos\/indicadores<\/a><br><a href=\"https:\/\/www.octsi.es\/images\/documentos\/2023\/informe_ecanarias_2022.pdf\" target=\"_blank\" rel=\"noreferrer noopener\">https:\/\/www.octsi.es\/images\/documentos\/2023\/informe_ecanarias_2022.pdf<\/a><br><a href=\"https:\/\/rtvc.es\/la-transformacion-digital-en-canarias-a-debate-en-informe-tropico\/\">https:\/\/rtvc.es\/la-transformacion-digital-en-canarias-a-debate-en-informe-tropico\/<\/a><br><a href=\"https:\/\/riull.ull.es\/xmlui\/bitstream\/handle\/915\/12350\/Manuel%20Area%20Informe%20La%20transformaci%C3%B3n%20digital%20-Consejo%20Escolar%20FINAL.pdf\" target=\"_blank\" rel=\"noreferrer noopener\">https:\/\/riull.ull.es\/xmlui\/bitstream\/handle\/915\/12350\/Manuel%20Area%20Informe%20La%20transformaci%C3%B3n%20digital%20-Consejo%20Escolar%20FINAL.pdf<\/a><br><a href=\"https:\/\/ceoe-tenerife.com\/wp-content\/uploads\/2017\/11\/Estudio-de-Diagnosis-de-madurez-digital-de-las-empresas-de-Canarias_1.pdf\" target=\"_blank\" rel=\"noreferrer noopener\">https:\/\/ceoe-tenerife.com\/wp-content\/uploads\/2017\/11\/Estudio-de-Diagnosis-de-madurez-digital-de-las-empresas-de-Canarias_1.pdf<\/a><br><a href=\"https:\/\/cotec.es\/proyectos-cpt\/la-economia-digital-en-espana-2\/\" target=\"_blank\" rel=\"noreferrer noopener\">https:\/\/cotec.es\/proyectos-cpt\/la-economia-digital-en-espana-2\/<\/a><br><a href=\"https:\/\/www.ontsi.es\/es\/publicaciones?page=1\" target=\"_blank\" rel=\"noreferrer noopener\">https:\/\/www.ontsi.es\/es\/publicaciones?page=1<\/a><\/td><\/tr><tr><td><strong>Principales desaf\u00edos<\/strong><\/td><td>Reducir la brecha en lo que respecta a la transformaci\u00f3n digital de la administraci\u00f3n p\u00fablica y las PYMEs con el objetivo de convertir Tenerife en un territorio destacado por su densidad digital<br>Identificar objetivos para la digitalizaci\u00f3n de procesos en la administraci\u00f3n p\u00fablica y por ende simplificar procedimientos<br>Introducir tecnolog\u00edas habilitadoras en la actividad empresarial y de la administraci\u00f3n<\/td><\/tr><tr><td><strong>Metodolog\u00eda para profundizar en su estudio y soluciones<\/strong><\/td><td>Datos de Cuadro de mando<br>Grupo trabajo interno Foro y estudio espec\u00edfico para benchmarking<\/td><\/tr><tr><td><strong>Hoja de ruta<\/strong><\/td><td>Elaborar cuadro de mando estad\u00edstico para Tenerife<br>Reuniones grupo de trabajo<br>Estudio<br>Conclusiones<\/td><\/tr><tr><td><\/td><td><\/td><\/tr><\/tbody><tfoot><tr><td><\/td><td><\/td><\/tr><\/tfoot><\/table><\/figure>\n<\/div>\n<\/div>\n<\/div>\n","protected":false},"excerpt":{"rendered":"<p>El SXXI, que empez\u00f3 ya hace m\u00e1s de 20 a\u00f1os, y sus efectos transformadores demandan una nueva gesti\u00f3n de los procesos, de la informaci\u00f3n, de la cultura organizativa y de los recursos humanos. Estamos en muchos aspectos retrasados tanto en el \u00e1mbito p\u00fablico, sobre todo, como en el \u00e1mbito privado, en particular en las peque\u00f1as [&hellip;]<\/p>\n","protected":false},"author":1,"featured_media":0,"parent":0,"menu_order":0,"comment_status":"closed","ping_status":"closed","template":"","meta":{"_et_pb_use_builder":"off","_et_pb_old_content":"","_et_gb_content_width":"","_themeisle_gutenberg_block_has_review":false,"footnotes":""},"class_list":["post-172","page","type-page","status-publish","hentry"],"yoast_head":"<!-- This site is optimized with the Yoast SEO plugin v26.4 - https:\/\/yoast.com\/wordpress\/plugins\/seo\/ -->\n<title>Transformaci\u00f3n Digital de la Administraci\u00f3n P\u00fablica y las PYMEs - Foro por el Progreso de Tenerife<\/title>\n<meta name=\"robots\" content=\"noindex, follow, max-snippet:-1, max-image-preview:large, max-video-preview:-1\" \/>\n<meta property=\"og:locale\" content=\"es_ES\" \/>\n<meta property=\"og:type\" content=\"article\" \/>\n<meta property=\"og:title\" content=\"Transformaci\u00f3n Digital de la Administraci\u00f3n P\u00fablica y las PYMEs - Foro por el Progreso de Tenerife\" \/>\n<meta property=\"og:description\" content=\"El SXXI, que empez\u00f3 ya hace m\u00e1s de 20 a\u00f1os, y sus efectos transformadores demandan una nueva gesti\u00f3n de los procesos, de la informaci\u00f3n, de la cultura organizativa y de los recursos humanos. Estamos en muchos aspectos retrasados tanto en el \u00e1mbito p\u00fablico, sobre todo, como en el \u00e1mbito privado, en particular en las peque\u00f1as [&hellip;]\" \/>\n<meta property=\"og:url\" content=\"https:\/\/foroprogresotenerife.org\/index.php\/transformacion-digital-de-la-administracion-publica-y-las-pymes\/\" \/>\n<meta property=\"og:site_name\" content=\"Foro por el Progreso de Tenerife\" \/>\n<meta property=\"article:modified_time\" content=\"2024-03-19T09:05:51+00:00\" \/>\n<meta name=\"twitter:card\" content=\"summary_large_image\" \/>\n<meta name=\"twitter:label1\" content=\"Tiempo de lectura\" \/>\n\t<meta name=\"twitter:data1\" content=\"1 minuto\" \/>\n<script type=\"application\/ld+json\" class=\"yoast-schema-graph\">{\"@context\":\"https:\/\/schema.org\",\"@graph\":[{\"@type\":\"WebPage\",\"@id\":\"https:\/\/foroprogresotenerife.org\/index.php\/transformacion-digital-de-la-administracion-publica-y-las-pymes\/\",\"url\":\"https:\/\/foroprogresotenerife.org\/index.php\/transformacion-digital-de-la-administracion-publica-y-las-pymes\/\",\"name\":\"Transformaci\u00f3n Digital de la Administraci\u00f3n P\u00fablica y las PYMEs - Foro por el Progreso de Tenerife\",\"isPartOf\":{\"@id\":\"https:\/\/foroprogresotenerife.org\/#website\"},\"datePublished\":\"2024-03-18T22:24:11+00:00\",\"dateModified\":\"2024-03-19T09:05:51+00:00\",\"breadcrumb\":{\"@id\":\"https:\/\/foroprogresotenerife.org\/index.php\/transformacion-digital-de-la-administracion-publica-y-las-pymes\/#breadcrumb\"},\"inLanguage\":\"es\",\"potentialAction\":[{\"@type\":\"ReadAction\",\"target\":[\"https:\/\/foroprogresotenerife.org\/index.php\/transformacion-digital-de-la-administracion-publica-y-las-pymes\/\"]}]},{\"@type\":\"BreadcrumbList\",\"@id\":\"https:\/\/foroprogresotenerife.org\/index.php\/transformacion-digital-de-la-administracion-publica-y-las-pymes\/#breadcrumb\",\"itemListElement\":[{\"@type\":\"ListItem\",\"position\":1,\"name\":\"Portada\",\"item\":\"https:\/\/foroprogresotenerife.org\/\"},{\"@type\":\"ListItem\",\"position\":2,\"name\":\"Transformaci\u00f3n Digital de la Administraci\u00f3n P\u00fablica y las PYMEs\"}]},{\"@type\":\"WebSite\",\"@id\":\"https:\/\/foroprogresotenerife.org\/#website\",\"url\":\"https:\/\/foroprogresotenerife.org\/\",\"name\":\"Foro por el Progreso de Tenerife\",\"description\":\"El sector empresarial de Tenerife se une para favorecer el crecimiento de la Isla y reducir los desequilibrios\",\"publisher\":{\"@id\":\"https:\/\/foroprogresotenerife.org\/#organization\"},\"potentialAction\":[{\"@type\":\"SearchAction\",\"target\":{\"@type\":\"EntryPoint\",\"urlTemplate\":\"https:\/\/foroprogresotenerife.org\/?s={search_term_string}\"},\"query-input\":{\"@type\":\"PropertyValueSpecification\",\"valueRequired\":true,\"valueName\":\"search_term_string\"}}],\"inLanguage\":\"es\"},{\"@type\":\"Organization\",\"@id\":\"https:\/\/foroprogresotenerife.org\/#organization\",\"name\":\"Foro por el Progreso de Tenerife\",\"url\":\"https:\/\/foroprogresotenerife.org\/\",\"logo\":{\"@type\":\"ImageObject\",\"inLanguage\":\"es\",\"@id\":\"https:\/\/foroprogresotenerife.org\/#\/schema\/logo\/image\/\",\"url\":\"https:\/\/foroprogresotenerife.org\/wp-content\/uploads\/2024\/03\/cropped-icono.png\",\"contentUrl\":\"https:\/\/foroprogresotenerife.org\/wp-content\/uploads\/2024\/03\/cropped-icono.png\",\"width\":512,\"height\":512,\"caption\":\"Foro por el Progreso de Tenerife\"},\"image\":{\"@id\":\"https:\/\/foroprogresotenerife.org\/#\/schema\/logo\/image\/\"},\"sameAs\":[\"https:\/\/www.linkedin.com\/company\/foro-progreso-tenerife\/\"]}]}<\/script>\n<!-- \/ Yoast SEO plugin. -->","yoast_head_json":{"title":"Transformaci\u00f3n Digital de la Administraci\u00f3n P\u00fablica y las PYMEs - Foro por el Progreso de Tenerife","robots":{"index":"noindex","follow":"follow","max-snippet":"max-snippet:-1","max-image-preview":"max-image-preview:large","max-video-preview":"max-video-preview:-1"},"og_locale":"es_ES","og_type":"article","og_title":"Transformaci\u00f3n Digital de la Administraci\u00f3n P\u00fablica y las PYMEs - Foro por el Progreso de Tenerife","og_description":"El SXXI, que empez\u00f3 ya hace m\u00e1s de 20 a\u00f1os, y sus efectos transformadores demandan una nueva gesti\u00f3n de los procesos, de la informaci\u00f3n, de la cultura organizativa y de los recursos humanos. Estamos en muchos aspectos retrasados tanto en el \u00e1mbito p\u00fablico, sobre todo, como en el \u00e1mbito privado, en particular en las peque\u00f1as [&hellip;]","og_url":"https:\/\/foroprogresotenerife.org\/index.php\/transformacion-digital-de-la-administracion-publica-y-las-pymes\/","og_site_name":"Foro por el Progreso de Tenerife","article_modified_time":"2024-03-19T09:05:51+00:00","twitter_card":"summary_large_image","twitter_misc":{"Tiempo de lectura":"1 minuto"},"schema":{"@context":"https:\/\/schema.org","@graph":[{"@type":"WebPage","@id":"https:\/\/foroprogresotenerife.org\/index.php\/transformacion-digital-de-la-administracion-publica-y-las-pymes\/","url":"https:\/\/foroprogresotenerife.org\/index.php\/transformacion-digital-de-la-administracion-publica-y-las-pymes\/","name":"Transformaci\u00f3n Digital de la Administraci\u00f3n P\u00fablica y las PYMEs - Foro por el Progreso de Tenerife","isPartOf":{"@id":"https:\/\/foroprogresotenerife.org\/#website"},"datePublished":"2024-03-18T22:24:11+00:00","dateModified":"2024-03-19T09:05:51+00:00","breadcrumb":{"@id":"https:\/\/foroprogresotenerife.org\/index.php\/transformacion-digital-de-la-administracion-publica-y-las-pymes\/#breadcrumb"},"inLanguage":"es","potentialAction":[{"@type":"ReadAction","target":["https:\/\/foroprogresotenerife.org\/index.php\/transformacion-digital-de-la-administracion-publica-y-las-pymes\/"]}]},{"@type":"BreadcrumbList","@id":"https:\/\/foroprogresotenerife.org\/index.php\/transformacion-digital-de-la-administracion-publica-y-las-pymes\/#breadcrumb","itemListElement":[{"@type":"ListItem","position":1,"name":"Portada","item":"https:\/\/foroprogresotenerife.org\/"},{"@type":"ListItem","position":2,"name":"Transformaci\u00f3n Digital de la Administraci\u00f3n P\u00fablica y las PYMEs"}]},{"@type":"WebSite","@id":"https:\/\/foroprogresotenerife.org\/#website","url":"https:\/\/foroprogresotenerife.org\/","name":"Foro por el Progreso de Tenerife","description":"El sector empresarial de Tenerife se une para favorecer el crecimiento de la Isla y reducir los desequilibrios","publisher":{"@id":"https:\/\/foroprogresotenerife.org\/#organization"},"potentialAction":[{"@type":"SearchAction","target":{"@type":"EntryPoint","urlTemplate":"https:\/\/foroprogresotenerife.org\/?s={search_term_string}"},"query-input":{"@type":"PropertyValueSpecification","valueRequired":true,"valueName":"search_term_string"}}],"inLanguage":"es"},{"@type":"Organization","@id":"https:\/\/foroprogresotenerife.org\/#organization","name":"Foro por el Progreso de Tenerife","url":"https:\/\/foroprogresotenerife.org\/","logo":{"@type":"ImageObject","inLanguage":"es","@id":"https:\/\/foroprogresotenerife.org\/#\/schema\/logo\/image\/","url":"https:\/\/foroprogresotenerife.org\/wp-content\/uploads\/2024\/03\/cropped-icono.png","contentUrl":"https:\/\/foroprogresotenerife.org\/wp-content\/uploads\/2024\/03\/cropped-icono.png","width":512,"height":512,"caption":"Foro por el Progreso de Tenerife"},"image":{"@id":"https:\/\/foroprogresotenerife.org\/#\/schema\/logo\/image\/"},"sameAs":["https:\/\/www.linkedin.com\/company\/foro-progreso-tenerife\/"]}]}},"_links":{"self":[{"href":"https:\/\/foroprogresotenerife.org\/index.php\/wp-json\/wp\/v2\/pages\/172","targetHints":{"allow":["GET"]}}],"collection":[{"href":"https:\/\/foroprogresotenerife.org\/index.php\/wp-json\/wp\/v2\/pages"}],"about":[{"href":"https:\/\/foroprogresotenerife.org\/index.php\/wp-json\/wp\/v2\/types\/page"}],"author":[{"embeddable":true,"href":"https:\/\/foroprogresotenerife.org\/index.php\/wp-json\/wp\/v2\/users\/1"}],"replies":[{"embeddable":true,"href":"https:\/\/foroprogresotenerife.org\/index.php\/wp-json\/wp\/v2\/comments?post=172"}],"version-history":[{"count":3,"href":"https:\/\/foroprogresotenerife.org\/index.php\/wp-json\/wp\/v2\/pages\/172\/revisions"}],"predecessor-version":[{"id":234,"href":"https:\/\/foroprogresotenerife.org\/index.php\/wp-json\/wp\/v2\/pages\/172\/revisions\/234"}],"wp:attachment":[{"href":"https:\/\/foroprogresotenerife.org\/index.php\/wp-json\/wp\/v2\/media?parent=172"}],"curies":[{"name":"wp","href":"https:\/\/api.w.org\/{rel}","templated":true}]}}

Transformación Digital de la Administración Pública y las PYMEs

<figure class="wp-block-pullquote has-text-align-left"><blockquote><p>El SXXI, que empezó ya hace más de 20 años, y sus efectos transformadores demandan una nueva gestión de los procesos, de la información, de la cultura organizativa y de los recursos humanos. Estamos en muchos aspectos retrasados tanto en el ámbito público, sobre todo, como en el ámbito privado, en particular en las pequeñas y medianas empresas. Es un desafío que requiere divulgación, recursos y en muchas ocasiones ruptura. Debemos convertirnos en un territorio atractivo por la densidad digital y no sólo por las eficiencias de sus infraestructuras.</p></blockquote></figure>



<div class="wp-block-columns is-layout-flex wp-container-core-columns-is-layout-9d6595d7 wp-block-columns-is-layout-flex">
<div class="wp-block-column is-layout-flow wp-block-column-is-layout-flow" style="flex-basis:100%">
<div class="wp-block-group is-layout-constrained wp-block-group-is-layout-constrained">
<figure class="wp-block-table alignleft is-style-stripes has-small-font-size"><table><tbody><tr><td><strong>Algunos datos que sirven para identificar el problema</strong></td><td>Lentitud procesos administrativos<br>Escasa penetración comparable de procesos de transformación digital en PYMES<br>Escasa penetración en tejido productivo de tecnologías habilitadoras<br>Reducida penetración comercio electrónico<br>Déficit protección riesgos ciberseguridad</td></tr><tr><td><strong>Referencias bibliográficas o documentales</strong></td><td><a href="https://www.octsi.es/datos/indicadores" target="_blank" rel="noreferrer noopener">https://www.octsi.es/datos/indicadores</a><br><a href="https://www.octsi.es/images/documentos/2023/informe_ecanarias_2022.pdf" target="_blank" rel="noreferrer noopener">https://www.octsi.es/images/documentos/2023/informe_ecanarias_2022.pdf</a><br><a href="https://rtvc.es/la-transformacion-digital-en-canarias-a-debate-en-informe-tropico/">https://rtvc.es/la-transformacion-digital-en-canarias-a-debate-en-informe-tropico/</a><br><a href="https://riull.ull.es/xmlui/bitstream/handle/915/12350/Manuel%20Area%20Informe%20La%20transformaci%C3%B3n%20digital%20-Consejo%20Escolar%20FINAL.pdf" target="_blank" rel="noreferrer noopener">https://riull.ull.es/xmlui/bitstream/handle/915/12350/Manuel%20Area%20Informe%20La%20transformaci%C3%B3n%20digital%20-Consejo%20Escolar%20FINAL.pdf</a><br><a href="https://ceoe-tenerife.com/wp-content/uploads/2017/11/Estudio-de-Diagnosis-de-madurez-digital-de-las-empresas-de-Canarias_1.pdf" target="_blank" rel="noreferrer noopener">https://ceoe-tenerife.com/wp-content/uploads/2017/11/Estudio-de-Diagnosis-de-madurez-digital-de-las-empresas-de-Canarias_1.pdf</a><br><a href="https://cotec.es/proyectos-cpt/la-economia-digital-en-espana-2/" target="_blank" rel="noreferrer noopener">https://cotec.es/proyectos-cpt/la-economia-digital-en-espana-2/</a><br><a href="https://www.ontsi.es/es/publicaciones?page=1" target="_blank" rel="noreferrer noopener">https://www.ontsi.es/es/publicaciones?page=1</a></td></tr><tr><td><strong>Principales desafíos</strong></td><td>Reducir la brecha en lo que respecta a la transformación digital de la administración pública y las PYMEs con el objetivo de convertir Tenerife en un territorio destacado por su densidad digital<br>Identificar objetivos para la digitalización de procesos en la administración pública y por ende simplificar procedimientos<br>Introducir tecnologías habilitadoras en la actividad empresarial y de la administración</td></tr><tr><td><strong>Metodología para profundizar en su estudio y soluciones</strong></td><td>Datos de Cuadro de mando<br>Grupo trabajo interno Foro y estudio específico para benchmarking</td></tr><tr><td><strong>Hoja de ruta</strong></td><td>Elaborar cuadro de mando estadístico para Tenerife<br>Reuniones grupo de trabajo<br>Estudio<br>Conclusiones</td></tr><tr><td></td><td></td></tr></tbody><tfoot><tr><td></td><td></td></tr></tfoot></table></figure>
</div>
</div>
</div>

<p>El SXXI, que empezó ya hace más de 20 años, y sus efectos transformadores demandan una nueva gestión de los procesos, de la información, de la cultura organizativa y de los recursos humanos. Estamos en muchos aspectos retrasados tanto en el ámbito público, sobre todo, como en el ámbito privado, en particular en las pequeñas [&hellip;]</p>

<!-- This site is optimized with the Yoast SEO plugin v26.4 - https://yoast.com/wordpress/plugins/seo/ -->
<title>Transformación Digital de la Administración Pública y las PYMEs - Foro por el Progreso de Tenerife</title>
<meta name="robots" content="noindex, follow, max-snippet:-1, max-image-preview:large, max-video-preview:-1" />
<meta property="og:locale" content="es_ES" />
<meta property="og:type" content="article" />
<meta property="og:title" content="Transformación Digital de la Administración Pública y las PYMEs - Foro por el Progreso de Tenerife" />
<meta property="og:description" content="El SXXI, que empezó ya hace más de 20 años, y sus efectos transformadores demandan una nueva gestión de los procesos, de la información, de la cultura organizativa y de los recursos humanos. Estamos en muchos aspectos retrasados tanto en el ámbito público, sobre todo, como en el ámbito privado, en particular en las pequeñas [&hellip;]" />
<meta property="og:url" content="https://foroprogresotenerife.org/index.php/transformacion-digital-de-la-administracion-publica-y-las-pymes/" />
<meta property="og:site_name" content="Foro por el Progreso de Tenerife" />
<meta property="article:modified_time" content="2024-03-19T09:05:51+00:00" />
<meta name="twitter:card" content="summary_large_image" />
<meta name="twitter:label1" content="Tiempo de lectura" />
	<meta name="twitter:data1" content="1 minuto" />
<script type="application/ld+json" class="yoast-schema-graph">{"@context":"https://schema.org","@graph":[{"@type":"WebPage","@id":"https://foroprogresotenerife.org/index.php/transformacion-digital-de-la-administracion-publica-y-las-pymes/","url":"https://foroprogresotenerife.org/index.php/transformacion-digital-de-la-administracion-publica-y-las-pymes/","name":"Transformación Digital de la Administración Pública y las PYMEs - Foro por el Progreso de Tenerife","isPartOf":{"@id":"https://foroprogresotenerife.org/#website"},"datePublished":"2024-03-18T22:24:11+00:00","dateModified":"2024-03-19T09:05:51+00:00","breadcrumb":{"@id":"https://foroprogresotenerife.org/index.php/transformacion-digital-de-la-administracion-publica-y-las-pymes/#breadcrumb"},"inLanguage":"es","potentialAction":[{"@type":"ReadAction","target":["https://foroprogresotenerife.org/index.php/transformacion-digital-de-la-administracion-publica-y-las-pymes/"]}]},{"@type":"BreadcrumbList","@id":"https://foroprogresotenerife.org/index.php/transformacion-digital-de-la-administracion-publica-y-las-pymes/#breadcrumb","itemListElement":[{"@type":"ListItem","position":1,"name":"Portada","item":"https://foroprogresotenerife.org/"},{"@type":"ListItem","position":2,"name":"Transformación Digital de la Administración Pública y las PYMEs"}]},{"@type":"WebSite","@id":"https://foroprogresotenerife.org/#website","url":"https://foroprogresotenerife.org/","name":"Foro por el Progreso de Tenerife","description":"El sector empresarial de Tenerife se une para favorecer el crecimiento de la Isla y reducir los desequilibrios","publisher":{"@id":"https://foroprogresotenerife.org/#organization"},"potentialAction":[{"@type":"SearchAction","target":{"@type":"EntryPoint","urlTemplate":"https://foroprogresotenerife.org/?s={search_term_string}"},"query-input":{"@type":"PropertyValueSpecification","valueRequired":true,"valueName":"search_term_string"}}],"inLanguage":"es"},{"@type":"Organization","@id":"https://foroprogresotenerife.org/#organization","name":"Foro por el Progreso de Tenerife","url":"https://foroprogresotenerife.org/","logo":{"@type":"ImageObject","inLanguage":"es","@id":"https://foroprogresotenerife.org/#/schema/logo/image/","url":"https://foroprogresotenerife.org/wp-content/uploads/2024/03/cropped-icono.png","contentUrl":"https://foroprogresotenerife.org/wp-content/uploads/2024/03/cropped-icono.png","width":512,"height":512,"caption":"Foro por el Progreso de Tenerife"},"image":{"@id":"https://foroprogresotenerife.org/#/schema/logo/image/"},"sameAs":["https://www.linkedin.com/company/foro-progreso-tenerife/"]}]}</script>
<!-- / Yoast SEO plugin. -->

Transformación Digital de la Administración Pública y las PYMEs - Foro por el Progreso de Tenerife

El SXXI, que empezó ya hace más de 20 años, y sus efectos transformadores demandan una nueva gestión de los procesos, de la información, de la cultura organizativa y de los recursos humanos. Estamos en muchos aspectos retrasados tanto en el ámbito público, sobre todo, como en el ámbito privado, en particular en las pequeñas [&hellip;]
