{"id":180,"date":"2024-03-18T23:04:02","date_gmt":"2024-03-18T23:04:02","guid":{"rendered":"https:\/\/foroprogresotenerife.org\/?page_id=180"},"modified":"2024-03-19T09:06:27","modified_gmt":"2024-03-19T09:06:27","slug":"atencion-socio-sanitaria-equipamientos-nuevos-modelos-sostenibilidad","status":"publish","type":"page","link":"https:\/\/foroprogresotenerife.org\/index.php\/atencion-socio-sanitaria-equipamientos-nuevos-modelos-sostenibilidad\/","title":{"rendered":"Atenci\u00f3n socio-sanitaria: equipamientos, nuevos modelos, sostenibilidad"},"content":{"rendered":"\n<figure class=\"wp-block-pullquote has-text-align-left\"><blockquote><p>la transformaci\u00f3n demogr\u00e1fica de la poblaci\u00f3n de Canarias requiere tambi\u00e9n de un enorme trabajo para crear nuevos equipamientos y garantizar su sostenibilidad, adem\u00e1s de desarrollar nuevos modelos de atenci\u00f3n de car\u00e1cter m\u00e1s personalizado, vinculado a la mejora de los est\u00e1ndares de vida y a la mayor esperanza de vida. Este es un enorme desaf\u00edo, quiz\u00e1s el m\u00e1s importante desde el punto de vista social de la isla.<\/p><\/blockquote><\/figure>\n\n\n\n<figure class=\"wp-block-table is-style-stripes\"><table><thead><tr><th class=\"has-text-align-left\" data-align=\"left\"><\/th><th><\/th><\/tr><\/thead><tbody><tr><td class=\"has-text-align-left\" data-align=\"left\"><strong>Algunos datos que sirven para identificar el problema<\/strong><\/td><td>D\u00e9ficit ratios plazas recursos p\u00fablicos y privados sobre poblaci\u00f3n envejecida<br>Retraso puesta en marcha II Plan Canario Sociosanitario<br>Retraso en implantaci\u00f3n Ley dependencia, tanto en reconocimiento como en determinaci\u00f3n de PIA<br>Falta de recursos especializados por categor\u00edas<br>Orientaci\u00f3n del sistema a provisi\u00f3n concertada y\/o tercer sector con apoyo familiar<br>Precariedad de condiciones de colectivo personas cuidadoras<\/td><\/tr><tr><td class=\"has-text-align-left\" data-align=\"left\"><strong>Referencias bibliogr\u00e1ficas o documentales<\/strong><\/td><td><a href=\"https:\/\/www.diputadodelcomun.org\/wp-content\/uploads\/2022\/06\/INFORME-DEPENDENCIA.pdf\" target=\"_blank\" rel=\"noreferrer noopener\">https:\/\/www.diputadodelcomun.org\/wp-content\/uploads\/2022\/06\/INFORME-DEPENDENCIA.pdf<\/a><br><a href=\"https:\/\/www.apedeca.es\/wp-content\/uploads\/2020\/07\/Informe-Dependencia-2018.pdf\" target=\"_blank\" rel=\"noreferrer noopener\">https:\/\/www.apedeca.es\/wp-content\/uploads\/2020\/07\/Informe-Dependencia-2018.pdf<\/a><br><a href=\"https:\/\/documentos.fedea.net\/pubs\/eee\/2022\/eee2022-16.pdf?utm_source=wordpress&amp;utm_medium=portada&amp;utm_campaign=estudio\" target=\"_blank\" rel=\"noreferrer noopener\">https:\/\/documentos.fedea.net\/pubs\/eee\/2022\/eee2022-16.pdf?utm_source=wordpress&amp;utm_medium=portada&amp;utm_campaign=estudio<\/a><br><a href=\"https:\/\/directoressociales.com\/wp-content\/uploads\/2024\/03\/0-CCAA-Todas-portada-indice-1_compressed.pdf\" target=\"_blank\" rel=\"noreferrer noopener\">https:\/\/directoressociales.com\/wp-content\/uploads\/2024\/03\/0-CCAA-Todas-portada-indice-1_compressed.pdf<\/a><\/td><\/tr><tr><td class=\"has-text-align-left\" data-align=\"left\"><strong>Principales desaf\u00edos<\/strong><\/td><td>Impulsar el desarrollo de las infraestructuras planificadas en el II Plan de Infraestructuras de la isla aumentando los recursos para la concertaci\u00f3n de plazas<br>Facilitar la construcci\u00f3n y explotaci\u00f3n de nuevos equipamientos para cubrir las necesidades de la demanda<br>Desarrollar nuevos modelos de tratamiento de la dependencia<br>Implementar soluciones coordinadas para los aspectos sanitarios de la dependencia con mejor financiaci\u00f3n e infraestructuras adaptadas a la hospitalizaci\u00f3n cr\u00f3nica<br>Rehabilitar los centros hospitalarios de cr\u00f3nicos de la isla de Tenerife<\/td><\/tr><tr><td class=\"has-text-align-left\" data-align=\"left\"><strong>Metodolog\u00eda para profundizar en su estudio y soluciones<\/strong><\/td><td>Datos de Cuadro de mando<br>Grupo trabajo interno Foro e inputs expertos<\/td><\/tr><tr><td class=\"has-text-align-left\" data-align=\"left\"><strong>Hoja de ruta<\/strong><\/td><td>Elaborar cuadro de mando estad\u00edstico para Tenerife<br>Reuniones grupo de trabajo<br>An\u00e1lisis experto<br>Conclusiones<\/td><\/tr><\/tbody><tfoot><tr><td class=\"has-text-align-left\" data-align=\"left\"><\/td><td><\/td><\/tr><\/tfoot><\/table><\/figure>\n","protected":false},"excerpt":{"rendered":"<p>la transformaci\u00f3n demogr\u00e1fica de la poblaci\u00f3n de Canarias requiere tambi\u00e9n de un enorme trabajo para crear nuevos equipamientos y garantizar su sostenibilidad, adem\u00e1s de desarrollar nuevos modelos de atenci\u00f3n de car\u00e1cter m\u00e1s personalizado, vinculado a la mejora de los est\u00e1ndares de vida y a la mayor esperanza de vida. Este es un enorme desaf\u00edo, quiz\u00e1s [&hellip;]<\/p>\n","protected":false},"author":1,"featured_media":0,"parent":0,"menu_order":0,"comment_status":"closed","ping_status":"closed","template":"","meta":{"_et_pb_use_builder":"off","_et_pb_old_content":"","_et_gb_content_width":"","_themeisle_gutenberg_block_has_review":false,"footnotes":""},"class_list":["post-180","page","type-page","status-publish","hentry"],"yoast_head":"<!-- This site is optimized with the Yoast SEO plugin v26.4 - https:\/\/yoast.com\/wordpress\/plugins\/seo\/ -->\n<title>Atenci\u00f3n socio-sanitaria: equipamientos, nuevos modelos, sostenibilidad - Foro por el Progreso de Tenerife<\/title>\n<meta name=\"robots\" content=\"noindex, follow, max-snippet:-1, max-image-preview:large, max-video-preview:-1\" \/>\n<meta property=\"og:locale\" content=\"es_ES\" \/>\n<meta property=\"og:type\" content=\"article\" \/>\n<meta property=\"og:title\" content=\"Atenci\u00f3n socio-sanitaria: equipamientos, nuevos modelos, sostenibilidad - Foro por el Progreso de Tenerife\" \/>\n<meta property=\"og:description\" content=\"la transformaci\u00f3n demogr\u00e1fica de la poblaci\u00f3n de Canarias requiere tambi\u00e9n de un enorme trabajo para crear nuevos equipamientos y garantizar su sostenibilidad, adem\u00e1s de desarrollar nuevos modelos de atenci\u00f3n de car\u00e1cter m\u00e1s personalizado, vinculado a la mejora de los est\u00e1ndares de vida y a la mayor esperanza de vida. Este es un enorme desaf\u00edo, quiz\u00e1s [&hellip;]\" \/>\n<meta property=\"og:url\" content=\"https:\/\/foroprogresotenerife.org\/index.php\/atencion-socio-sanitaria-equipamientos-nuevos-modelos-sostenibilidad\/\" \/>\n<meta property=\"og:site_name\" content=\"Foro por el Progreso de Tenerife\" \/>\n<meta property=\"article:modified_time\" content=\"2024-03-19T09:06:27+00:00\" \/>\n<meta name=\"twitter:card\" content=\"summary_large_image\" \/>\n<meta name=\"twitter:label1\" content=\"Tiempo de lectura\" \/>\n\t<meta name=\"twitter:data1\" content=\"1 minuto\" \/>\n<script type=\"application\/ld+json\" class=\"yoast-schema-graph\">{\"@context\":\"https:\/\/schema.org\",\"@graph\":[{\"@type\":\"WebPage\",\"@id\":\"https:\/\/foroprogresotenerife.org\/index.php\/atencion-socio-sanitaria-equipamientos-nuevos-modelos-sostenibilidad\/\",\"url\":\"https:\/\/foroprogresotenerife.org\/index.php\/atencion-socio-sanitaria-equipamientos-nuevos-modelos-sostenibilidad\/\",\"name\":\"Atenci\u00f3n socio-sanitaria: equipamientos, nuevos modelos, sostenibilidad - Foro por el Progreso de Tenerife\",\"isPartOf\":{\"@id\":\"https:\/\/foroprogresotenerife.org\/#website\"},\"datePublished\":\"2024-03-18T23:04:02+00:00\",\"dateModified\":\"2024-03-19T09:06:27+00:00\",\"breadcrumb\":{\"@id\":\"https:\/\/foroprogresotenerife.org\/index.php\/atencion-socio-sanitaria-equipamientos-nuevos-modelos-sostenibilidad\/#breadcrumb\"},\"inLanguage\":\"es\",\"potentialAction\":[{\"@type\":\"ReadAction\",\"target\":[\"https:\/\/foroprogresotenerife.org\/index.php\/atencion-socio-sanitaria-equipamientos-nuevos-modelos-sostenibilidad\/\"]}]},{\"@type\":\"BreadcrumbList\",\"@id\":\"https:\/\/foroprogresotenerife.org\/index.php\/atencion-socio-sanitaria-equipamientos-nuevos-modelos-sostenibilidad\/#breadcrumb\",\"itemListElement\":[{\"@type\":\"ListItem\",\"position\":1,\"name\":\"Portada\",\"item\":\"https:\/\/foroprogresotenerife.org\/\"},{\"@type\":\"ListItem\",\"position\":2,\"name\":\"Atenci\u00f3n socio-sanitaria: equipamientos, nuevos modelos, sostenibilidad\"}]},{\"@type\":\"WebSite\",\"@id\":\"https:\/\/foroprogresotenerife.org\/#website\",\"url\":\"https:\/\/foroprogresotenerife.org\/\",\"name\":\"Foro por el Progreso de Tenerife\",\"description\":\"El sector empresarial de Tenerife se une para favorecer el crecimiento de la Isla y reducir los desequilibrios\",\"publisher\":{\"@id\":\"https:\/\/foroprogresotenerife.org\/#organization\"},\"potentialAction\":[{\"@type\":\"SearchAction\",\"target\":{\"@type\":\"EntryPoint\",\"urlTemplate\":\"https:\/\/foroprogresotenerife.org\/?s={search_term_string}\"},\"query-input\":{\"@type\":\"PropertyValueSpecification\",\"valueRequired\":true,\"valueName\":\"search_term_string\"}}],\"inLanguage\":\"es\"},{\"@type\":\"Organization\",\"@id\":\"https:\/\/foroprogresotenerife.org\/#organization\",\"name\":\"Foro por el Progreso de Tenerife\",\"url\":\"https:\/\/foroprogresotenerife.org\/\",\"logo\":{\"@type\":\"ImageObject\",\"inLanguage\":\"es\",\"@id\":\"https:\/\/foroprogresotenerife.org\/#\/schema\/logo\/image\/\",\"url\":\"https:\/\/foroprogresotenerife.org\/wp-content\/uploads\/2024\/03\/cropped-icono.png\",\"contentUrl\":\"https:\/\/foroprogresotenerife.org\/wp-content\/uploads\/2024\/03\/cropped-icono.png\",\"width\":512,\"height\":512,\"caption\":\"Foro por el Progreso de Tenerife\"},\"image\":{\"@id\":\"https:\/\/foroprogresotenerife.org\/#\/schema\/logo\/image\/\"},\"sameAs\":[\"https:\/\/www.linkedin.com\/company\/foro-progreso-tenerife\/\"]}]}<\/script>\n<!-- \/ Yoast SEO plugin. -->","yoast_head_json":{"title":"Atenci\u00f3n socio-sanitaria: equipamientos, nuevos modelos, sostenibilidad - Foro por el Progreso de Tenerife","robots":{"index":"noindex","follow":"follow","max-snippet":"max-snippet:-1","max-image-preview":"max-image-preview:large","max-video-preview":"max-video-preview:-1"},"og_locale":"es_ES","og_type":"article","og_title":"Atenci\u00f3n socio-sanitaria: equipamientos, nuevos modelos, sostenibilidad - Foro por el Progreso de Tenerife","og_description":"la transformaci\u00f3n demogr\u00e1fica de la poblaci\u00f3n de Canarias requiere tambi\u00e9n de un enorme trabajo para crear nuevos equipamientos y garantizar su sostenibilidad, adem\u00e1s de desarrollar nuevos modelos de atenci\u00f3n de car\u00e1cter m\u00e1s personalizado, vinculado a la mejora de los est\u00e1ndares de vida y a la mayor esperanza de vida. Este es un enorme desaf\u00edo, quiz\u00e1s [&hellip;]","og_url":"https:\/\/foroprogresotenerife.org\/index.php\/atencion-socio-sanitaria-equipamientos-nuevos-modelos-sostenibilidad\/","og_site_name":"Foro por el Progreso de Tenerife","article_modified_time":"2024-03-19T09:06:27+00:00","twitter_card":"summary_large_image","twitter_misc":{"Tiempo de lectura":"1 minuto"},"schema":{"@context":"https:\/\/schema.org","@graph":[{"@type":"WebPage","@id":"https:\/\/foroprogresotenerife.org\/index.php\/atencion-socio-sanitaria-equipamientos-nuevos-modelos-sostenibilidad\/","url":"https:\/\/foroprogresotenerife.org\/index.php\/atencion-socio-sanitaria-equipamientos-nuevos-modelos-sostenibilidad\/","name":"Atenci\u00f3n socio-sanitaria: equipamientos, nuevos modelos, sostenibilidad - Foro por el Progreso de Tenerife","isPartOf":{"@id":"https:\/\/foroprogresotenerife.org\/#website"},"datePublished":"2024-03-18T23:04:02+00:00","dateModified":"2024-03-19T09:06:27+00:00","breadcrumb":{"@id":"https:\/\/foroprogresotenerife.org\/index.php\/atencion-socio-sanitaria-equipamientos-nuevos-modelos-sostenibilidad\/#breadcrumb"},"inLanguage":"es","potentialAction":[{"@type":"ReadAction","target":["https:\/\/foroprogresotenerife.org\/index.php\/atencion-socio-sanitaria-equipamientos-nuevos-modelos-sostenibilidad\/"]}]},{"@type":"BreadcrumbList","@id":"https:\/\/foroprogresotenerife.org\/index.php\/atencion-socio-sanitaria-equipamientos-nuevos-modelos-sostenibilidad\/#breadcrumb","itemListElement":[{"@type":"ListItem","position":1,"name":"Portada","item":"https:\/\/foroprogresotenerife.org\/"},{"@type":"ListItem","position":2,"name":"Atenci\u00f3n socio-sanitaria: equipamientos, nuevos modelos, sostenibilidad"}]},{"@type":"WebSite","@id":"https:\/\/foroprogresotenerife.org\/#website","url":"https:\/\/foroprogresotenerife.org\/","name":"Foro por el Progreso de Tenerife","description":"El sector empresarial de Tenerife se une para favorecer el crecimiento de la Isla y reducir los desequilibrios","publisher":{"@id":"https:\/\/foroprogresotenerife.org\/#organization"},"potentialAction":[{"@type":"SearchAction","target":{"@type":"EntryPoint","urlTemplate":"https:\/\/foroprogresotenerife.org\/?s={search_term_string}"},"query-input":{"@type":"PropertyValueSpecification","valueRequired":true,"valueName":"search_term_string"}}],"inLanguage":"es"},{"@type":"Organization","@id":"https:\/\/foroprogresotenerife.org\/#organization","name":"Foro por el Progreso de Tenerife","url":"https:\/\/foroprogresotenerife.org\/","logo":{"@type":"ImageObject","inLanguage":"es","@id":"https:\/\/foroprogresotenerife.org\/#\/schema\/logo\/image\/","url":"https:\/\/foroprogresotenerife.org\/wp-content\/uploads\/2024\/03\/cropped-icono.png","contentUrl":"https:\/\/foroprogresotenerife.org\/wp-content\/uploads\/2024\/03\/cropped-icono.png","width":512,"height":512,"caption":"Foro por el Progreso de Tenerife"},"image":{"@id":"https:\/\/foroprogresotenerife.org\/#\/schema\/logo\/image\/"},"sameAs":["https:\/\/www.linkedin.com\/company\/foro-progreso-tenerife\/"]}]}},"_links":{"self":[{"href":"https:\/\/foroprogresotenerife.org\/index.php\/wp-json\/wp\/v2\/pages\/180","targetHints":{"allow":["GET"]}}],"collection":[{"href":"https:\/\/foroprogresotenerife.org\/index.php\/wp-json\/wp\/v2\/pages"}],"about":[{"href":"https:\/\/foroprogresotenerife.org\/index.php\/wp-json\/wp\/v2\/types\/page"}],"author":[{"embeddable":true,"href":"https:\/\/foroprogresotenerife.org\/index.php\/wp-json\/wp\/v2\/users\/1"}],"replies":[{"embeddable":true,"href":"https:\/\/foroprogresotenerife.org\/index.php\/wp-json\/wp\/v2\/comments?post=180"}],"version-history":[{"count":4,"href":"https:\/\/foroprogresotenerife.org\/index.php\/wp-json\/wp\/v2\/pages\/180\/revisions"}],"predecessor-version":[{"id":236,"href":"https:\/\/foroprogresotenerife.org\/index.php\/wp-json\/wp\/v2\/pages\/180\/revisions\/236"}],"wp:attachment":[{"href":"https:\/\/foroprogresotenerife.org\/index.php\/wp-json\/wp\/v2\/media?parent=180"}],"curies":[{"name":"wp","href":"https:\/\/api.w.org\/{rel}","templated":true}]}}

Atención socio-sanitaria: equipamientos, nuevos modelos, sostenibilidad

<figure class="wp-block-pullquote has-text-align-left"><blockquote><p>la transformación demográfica de la población de Canarias requiere también de un enorme trabajo para crear nuevos equipamientos y garantizar su sostenibilidad, además de desarrollar nuevos modelos de atención de carácter más personalizado, vinculado a la mejora de los estándares de vida y a la mayor esperanza de vida. Este es un enorme desafío, quizás el más importante desde el punto de vista social de la isla.</p></blockquote></figure>



<figure class="wp-block-table is-style-stripes"><table><thead><tr><th class="has-text-align-left" data-align="left"></th><th></th></tr></thead><tbody><tr><td class="has-text-align-left" data-align="left"><strong>Algunos datos que sirven para identificar el problema</strong></td><td>Déficit ratios plazas recursos públicos y privados sobre población envejecida<br>Retraso puesta en marcha II Plan Canario Sociosanitario<br>Retraso en implantación Ley dependencia, tanto en reconocimiento como en determinación de PIA<br>Falta de recursos especializados por categorías<br>Orientación del sistema a provisión concertada y/o tercer sector con apoyo familiar<br>Precariedad de condiciones de colectivo personas cuidadoras</td></tr><tr><td class="has-text-align-left" data-align="left"><strong>Referencias bibliográficas o documentales</strong></td><td><a href="https://www.diputadodelcomun.org/wp-content/uploads/2022/06/INFORME-DEPENDENCIA.pdf" target="_blank" rel="noreferrer noopener">https://www.diputadodelcomun.org/wp-content/uploads/2022/06/INFORME-DEPENDENCIA.pdf</a><br><a href="https://www.apedeca.es/wp-content/uploads/2020/07/Informe-Dependencia-2018.pdf" target="_blank" rel="noreferrer noopener">https://www.apedeca.es/wp-content/uploads/2020/07/Informe-Dependencia-2018.pdf</a><br><a href="https://documentos.fedea.net/pubs/eee/2022/eee2022-16.pdf?utm_source=wordpress&amp;utm_medium=portada&amp;utm_campaign=estudio" target="_blank" rel="noreferrer noopener">https://documentos.fedea.net/pubs/eee/2022/eee2022-16.pdf?utm_source=wordpress&amp;utm_medium=portada&amp;utm_campaign=estudio</a><br><a href="https://directoressociales.com/wp-content/uploads/2024/03/0-CCAA-Todas-portada-indice-1_compressed.pdf" target="_blank" rel="noreferrer noopener">https://directoressociales.com/wp-content/uploads/2024/03/0-CCAA-Todas-portada-indice-1_compressed.pdf</a></td></tr><tr><td class="has-text-align-left" data-align="left"><strong>Principales desafíos</strong></td><td>Impulsar el desarrollo de las infraestructuras planificadas en el II Plan de Infraestructuras de la isla aumentando los recursos para la concertación de plazas<br>Facilitar la construcción y explotación de nuevos equipamientos para cubrir las necesidades de la demanda<br>Desarrollar nuevos modelos de tratamiento de la dependencia<br>Implementar soluciones coordinadas para los aspectos sanitarios de la dependencia con mejor financiación e infraestructuras adaptadas a la hospitalización crónica<br>Rehabilitar los centros hospitalarios de crónicos de la isla de Tenerife</td></tr><tr><td class="has-text-align-left" data-align="left"><strong>Metodología para profundizar en su estudio y soluciones</strong></td><td>Datos de Cuadro de mando<br>Grupo trabajo interno Foro e inputs expertos</td></tr><tr><td class="has-text-align-left" data-align="left"><strong>Hoja de ruta</strong></td><td>Elaborar cuadro de mando estadístico para Tenerife<br>Reuniones grupo de trabajo<br>Análisis experto<br>Conclusiones</td></tr></tbody><tfoot><tr><td class="has-text-align-left" data-align="left"></td><td></td></tr></tfoot></table></figure>

<p>la transformación demográfica de la población de Canarias requiere también de un enorme trabajo para crear nuevos equipamientos y garantizar su sostenibilidad, además de desarrollar nuevos modelos de atención de carácter más personalizado, vinculado a la mejora de los estándares de vida y a la mayor esperanza de vida. Este es un enorme desafío, quizás [&hellip;]</p>

<!-- This site is optimized with the Yoast SEO plugin v26.4 - https://yoast.com/wordpress/plugins/seo/ -->
<title>Atención socio-sanitaria: equipamientos, nuevos modelos, sostenibilidad - Foro por el Progreso de Tenerife</title>
<meta name="robots" content="noindex, follow, max-snippet:-1, max-image-preview:large, max-video-preview:-1" />
<meta property="og:locale" content="es_ES" />
<meta property="og:type" content="article" />
<meta property="og:title" content="Atención socio-sanitaria: equipamientos, nuevos modelos, sostenibilidad - Foro por el Progreso de Tenerife" />
<meta property="og:description" content="la transformación demográfica de la población de Canarias requiere también de un enorme trabajo para crear nuevos equipamientos y garantizar su sostenibilidad, además de desarrollar nuevos modelos de atención de carácter más personalizado, vinculado a la mejora de los estándares de vida y a la mayor esperanza de vida. Este es un enorme desafío, quizás [&hellip;]" />
<meta property="og:url" content="https://foroprogresotenerife.org/index.php/atencion-socio-sanitaria-equipamientos-nuevos-modelos-sostenibilidad/" />
<meta property="og:site_name" content="Foro por el Progreso de Tenerife" />
<meta property="article:modified_time" content="2024-03-19T09:06:27+00:00" />
<meta name="twitter:card" content="summary_large_image" />
<meta name="twitter:label1" content="Tiempo de lectura" />
	<meta name="twitter:data1" content="1 minuto" />
<script type="application/ld+json" class="yoast-schema-graph">{"@context":"https://schema.org","@graph":[{"@type":"WebPage","@id":"https://foroprogresotenerife.org/index.php/atencion-socio-sanitaria-equipamientos-nuevos-modelos-sostenibilidad/","url":"https://foroprogresotenerife.org/index.php/atencion-socio-sanitaria-equipamientos-nuevos-modelos-sostenibilidad/","name":"Atención socio-sanitaria: equipamientos, nuevos modelos, sostenibilidad - Foro por el Progreso de Tenerife","isPartOf":{"@id":"https://foroprogresotenerife.org/#website"},"datePublished":"2024-03-18T23:04:02+00:00","dateModified":"2024-03-19T09:06:27+00:00","breadcrumb":{"@id":"https://foroprogresotenerife.org/index.php/atencion-socio-sanitaria-equipamientos-nuevos-modelos-sostenibilidad/#breadcrumb"},"inLanguage":"es","potentialAction":[{"@type":"ReadAction","target":["https://foroprogresotenerife.org/index.php/atencion-socio-sanitaria-equipamientos-nuevos-modelos-sostenibilidad/"]}]},{"@type":"BreadcrumbList","@id":"https://foroprogresotenerife.org/index.php/atencion-socio-sanitaria-equipamientos-nuevos-modelos-sostenibilidad/#breadcrumb","itemListElement":[{"@type":"ListItem","position":1,"name":"Portada","item":"https://foroprogresotenerife.org/"},{"@type":"ListItem","position":2,"name":"Atención socio-sanitaria: equipamientos, nuevos modelos, sostenibilidad"}]},{"@type":"WebSite","@id":"https://foroprogresotenerife.org/#website","url":"https://foroprogresotenerife.org/","name":"Foro por el Progreso de Tenerife","description":"El sector empresarial de Tenerife se une para favorecer el crecimiento de la Isla y reducir los desequilibrios","publisher":{"@id":"https://foroprogresotenerife.org/#organization"},"potentialAction":[{"@type":"SearchAction","target":{"@type":"EntryPoint","urlTemplate":"https://foroprogresotenerife.org/?s={search_term_string}"},"query-input":{"@type":"PropertyValueSpecification","valueRequired":true,"valueName":"search_term_string"}}],"inLanguage":"es"},{"@type":"Organization","@id":"https://foroprogresotenerife.org/#organization","name":"Foro por el Progreso de Tenerife","url":"https://foroprogresotenerife.org/","logo":{"@type":"ImageObject","inLanguage":"es","@id":"https://foroprogresotenerife.org/#/schema/logo/image/","url":"https://foroprogresotenerife.org/wp-content/uploads/2024/03/cropped-icono.png","contentUrl":"https://foroprogresotenerife.org/wp-content/uploads/2024/03/cropped-icono.png","width":512,"height":512,"caption":"Foro por el Progreso de Tenerife"},"image":{"@id":"https://foroprogresotenerife.org/#/schema/logo/image/"},"sameAs":["https://www.linkedin.com/company/foro-progreso-tenerife/"]}]}</script>
<!-- / Yoast SEO plugin. -->

Atención socio-sanitaria: equipamientos, nuevos modelos, sostenibilidad - Foro por el Progreso de Tenerife

la transformación demográfica de la población de Canarias requiere también de un enorme trabajo para crear nuevos equipamientos y garantizar su sostenibilidad, además de desarrollar nuevos modelos de atención de carácter más personalizado, vinculado a la mejora de los estándares de vida y a la mayor esperanza de vida. Este es un enorme desafío, quizás [&hellip;]
