{"id":186,"date":"2024-03-18T23:15:33","date_gmt":"2024-03-18T23:15:33","guid":{"rendered":"https:\/\/foroprogresotenerife.org\/?page_id=186"},"modified":"2024-03-19T09:05:06","modified_gmt":"2024-03-19T09:05:06","slug":"modernizacion-de-las-infraestructuras-energeticas","status":"publish","type":"page","link":"https:\/\/foroprogresotenerife.org\/index.php\/modernizacion-de-las-infraestructuras-energeticas\/","title":{"rendered":"Modernizaci\u00f3n de las Infraestructuras Energ\u00e9ticas"},"content":{"rendered":"\n<figure class=\"wp-block-pullquote has-text-align-left\"><blockquote><p>El sistema energ\u00e9tico de la isla es fr\u00e1gil de manera intr\u00ednseca (derivado de su aislamiento) pero tambi\u00e9n como consecuencia en el retraso de las inversiones necesarias para evitar la obsolescencia, el crecimiento de la demanda, las restricciones regulatorias y la necesidad de promover el cambio del mix energ\u00e9tico orientado hacia la descarbonizaci\u00f3n. Tenerife est\u00e1 muy atrasada en proyectos vinculados a la generaci\u00f3n de renovables, a la introducci\u00f3n de fuentes alternativas como el Hidr\u00f3geno o al desarrollo de sistemas de bombeo para el almacenamiento.<\/p><\/blockquote><\/figure>\n\n\n\n<figure class=\"wp-block-table is-style-stripes\"><table><thead><tr><th class=\"has-text-align-left\" data-align=\"left\"><\/th><th class=\"has-text-align-left\" data-align=\"left\"><\/th><\/tr><\/thead><tbody><tr><td class=\"has-text-align-left\" data-align=\"left\"><strong>Algunos datos que sirven para identificar el problema<\/strong><\/td><td class=\"has-text-align-left\" data-align=\"left\">Obsolescencia sistemas convencionales y limites capacidad generaci\u00f3n frente a demanda<br>Retraso objetivos descarbonizaci\u00f3n<br>Limitaciones para la inyecci\u00f3n de renovables por ausencia de sistemas de acumulaci\u00f3n<br>Fragilidad redes de transporte y distribuci\u00f3n<\/td><\/tr><tr><td class=\"has-text-align-left\" data-align=\"left\"><strong>Referencias bibliogr\u00e1ficas o documentales<\/strong><\/td><td class=\"has-text-align-left\" data-align=\"left\">Documento \u201cEstrategia de Energ\u00eda Sostenible en las Islas Canarias 2022\u201d elaborado por AGE<br>Documento \u201cPTCAN 2030\u201d elaborado por el Gobierno de Canarias<br><a href=\"https:\/\/tiempodecanarias.com\/noticia\/vida-publica\/tenerife-pone-en-marcha-la-oficina-de-transformacion-comunitaria-para-impulsar-las-energias-renovables\" target=\"_blank\" rel=\"noreferrer noopener\">Oficina de Transformaci\u00f3n Comunitaria<\/a> (Gesplan)<br>Documento \u201cEstrategia para el autoconsumo fotovoltaico 2021\u201d elaborado por el Gobierno de Canarias<br><a href=\"https:\/\/www.ree.es\/es\/actividades\/sistema-electrico-canario\" target=\"_blank\" rel=\"noreferrer noopener\">https:\/\/www.ree.es\/es\/actividades\/sistema-electrico-canario<\/a> y <a href=\"https:\/\/www.ree.es\/sites\/default\/files\/downloadable\/diptico_canarias_2016_esp.pdf\" target=\"_blank\" rel=\"noreferrer noopener\">https:\/\/www.ree.es\/sites\/default\/files\/downloadable\/diptico_canarias_2016_esp.pdf<\/a>.<br><a href=\"https:\/\/www.idae.es\/oficina-tecnica-de-energia-limpia-y-proyectos-inteligentes-en-las-islas\/energia-sostenible-en-las-islas-pniec-prtr\/transicion-energetica-en-las-islas-canarias\/situacion-actual\" target=\"_blank\" rel=\"noreferrer noopener\">https:\/\/www.idae.es\/oficina-tecnica-de-energia-limpia-y-proyectos-inteligentes-en-las-islas\/energia-sostenible-en-las-islas-pniec-prtr\/transicion-energetica-en-las-islas-canarias\/situacion-actual<\/a><br><a href=\"https:\/\/www.idae.es\/oficina-tecnica-de-energia-limpia-y-proyectos-inteligentes-en-las-islas\" target=\"_blank\" rel=\"noreferrer noopener\">https:\/\/www.idae.es\/oficina-tecnica-de-energia-limpia-y-proyectos-inteligentes-en-las-islas<\/a><br><a href=\"https:\/\/occet.es\/el-observatorio\/\" target=\"_blank\" rel=\"noreferrer noopener\">https:\/\/occet.es\/el-observatorio\/<\/a><\/td><\/tr><tr><td class=\"has-text-align-left\" data-align=\"left\"><strong>Principales desaf\u00edos<\/strong><\/td><td class=\"has-text-align-left\" data-align=\"left\">Mantenimiento ayudas a proyectos de generaci\u00f3n renovables<br>Apoyo introducci\u00f3n de H2 en Tenerife<br>Apoyo proyecto para sistema de bombeo en Guimar<br>Resoluci\u00f3n emergencia energ\u00e9tica<br>Introducci\u00f3n Gas como energ\u00eda transici\u00f3n y suministro energ\u00e9tico transporte mar\u00edtimo<\/td><\/tr><tr><td class=\"has-text-align-left\" data-align=\"left\"><strong>Metodolog\u00eda para profundizar en su estudio y soluciones<\/strong><\/td><td class=\"has-text-align-left\" data-align=\"left\">Datos de Cuadro de mando<br>Grupo trabajo interno Foro e inputs expertos<\/td><\/tr><tr><td class=\"has-text-align-left\" data-align=\"left\"><strong>Hoja de ruta<\/strong><\/td><td class=\"has-text-align-left\" data-align=\"left\">Elaborar cuadro de mando estad\u00edstico para Tenerife<br>Reuniones grupo de trabajo<br>An\u00e1lisis experto<br>Conclusiones<\/td><\/tr><\/tbody><tfoot><tr><td class=\"has-text-align-left\" data-align=\"left\"><\/td><td class=\"has-text-align-left\" data-align=\"left\"><\/td><\/tr><\/tfoot><\/table><\/figure>\n","protected":false},"excerpt":{"rendered":"<p>El sistema energ\u00e9tico de la isla es fr\u00e1gil de manera intr\u00ednseca (derivado de su aislamiento) pero tambi\u00e9n como consecuencia en el retraso de las inversiones necesarias para evitar la obsolescencia, el crecimiento de la demanda, las restricciones regulatorias y la necesidad de promover el cambio del mix energ\u00e9tico orientado hacia la descarbonizaci\u00f3n. Tenerife est\u00e1 muy [&hellip;]<\/p>\n","protected":false},"author":1,"featured_media":0,"parent":0,"menu_order":0,"comment_status":"closed","ping_status":"closed","template":"","meta":{"_et_pb_use_builder":"off","_et_pb_old_content":"","_et_gb_content_width":"","_themeisle_gutenberg_block_has_review":false,"footnotes":""},"class_list":["post-186","page","type-page","status-publish","hentry"],"yoast_head":"<!-- This site is optimized with the Yoast SEO plugin v26.4 - https:\/\/yoast.com\/wordpress\/plugins\/seo\/ -->\n<title>Modernizaci\u00f3n de las Infraestructuras Energ\u00e9ticas - Foro por el Progreso de Tenerife<\/title>\n<meta name=\"robots\" content=\"noindex, follow, max-snippet:-1, max-image-preview:large, max-video-preview:-1\" \/>\n<meta property=\"og:locale\" content=\"es_ES\" \/>\n<meta property=\"og:type\" content=\"article\" \/>\n<meta property=\"og:title\" content=\"Modernizaci\u00f3n de las Infraestructuras Energ\u00e9ticas - Foro por el Progreso de Tenerife\" \/>\n<meta property=\"og:description\" content=\"El sistema energ\u00e9tico de la isla es fr\u00e1gil de manera intr\u00ednseca (derivado de su aislamiento) pero tambi\u00e9n como consecuencia en el retraso de las inversiones necesarias para evitar la obsolescencia, el crecimiento de la demanda, las restricciones regulatorias y la necesidad de promover el cambio del mix energ\u00e9tico orientado hacia la descarbonizaci\u00f3n. Tenerife est\u00e1 muy [&hellip;]\" \/>\n<meta property=\"og:url\" content=\"https:\/\/foroprogresotenerife.org\/index.php\/modernizacion-de-las-infraestructuras-energeticas\/\" \/>\n<meta property=\"og:site_name\" content=\"Foro por el Progreso de Tenerife\" \/>\n<meta property=\"article:modified_time\" content=\"2024-03-19T09:05:06+00:00\" \/>\n<meta name=\"twitter:card\" content=\"summary_large_image\" \/>\n<meta name=\"twitter:label1\" content=\"Tiempo de lectura\" \/>\n\t<meta name=\"twitter:data1\" content=\"1 minuto\" \/>\n<script type=\"application\/ld+json\" class=\"yoast-schema-graph\">{\"@context\":\"https:\/\/schema.org\",\"@graph\":[{\"@type\":\"WebPage\",\"@id\":\"https:\/\/foroprogresotenerife.org\/index.php\/modernizacion-de-las-infraestructuras-energeticas\/\",\"url\":\"https:\/\/foroprogresotenerife.org\/index.php\/modernizacion-de-las-infraestructuras-energeticas\/\",\"name\":\"Modernizaci\u00f3n de las Infraestructuras Energ\u00e9ticas - Foro por el Progreso de Tenerife\",\"isPartOf\":{\"@id\":\"https:\/\/foroprogresotenerife.org\/#website\"},\"datePublished\":\"2024-03-18T23:15:33+00:00\",\"dateModified\":\"2024-03-19T09:05:06+00:00\",\"breadcrumb\":{\"@id\":\"https:\/\/foroprogresotenerife.org\/index.php\/modernizacion-de-las-infraestructuras-energeticas\/#breadcrumb\"},\"inLanguage\":\"es\",\"potentialAction\":[{\"@type\":\"ReadAction\",\"target\":[\"https:\/\/foroprogresotenerife.org\/index.php\/modernizacion-de-las-infraestructuras-energeticas\/\"]}]},{\"@type\":\"BreadcrumbList\",\"@id\":\"https:\/\/foroprogresotenerife.org\/index.php\/modernizacion-de-las-infraestructuras-energeticas\/#breadcrumb\",\"itemListElement\":[{\"@type\":\"ListItem\",\"position\":1,\"name\":\"Portada\",\"item\":\"https:\/\/foroprogresotenerife.org\/\"},{\"@type\":\"ListItem\",\"position\":2,\"name\":\"Modernizaci\u00f3n de las Infraestructuras Energ\u00e9ticas\"}]},{\"@type\":\"WebSite\",\"@id\":\"https:\/\/foroprogresotenerife.org\/#website\",\"url\":\"https:\/\/foroprogresotenerife.org\/\",\"name\":\"Foro por el Progreso de Tenerife\",\"description\":\"El sector empresarial de Tenerife se une para favorecer el crecimiento de la Isla y reducir los desequilibrios\",\"publisher\":{\"@id\":\"https:\/\/foroprogresotenerife.org\/#organization\"},\"potentialAction\":[{\"@type\":\"SearchAction\",\"target\":{\"@type\":\"EntryPoint\",\"urlTemplate\":\"https:\/\/foroprogresotenerife.org\/?s={search_term_string}\"},\"query-input\":{\"@type\":\"PropertyValueSpecification\",\"valueRequired\":true,\"valueName\":\"search_term_string\"}}],\"inLanguage\":\"es\"},{\"@type\":\"Organization\",\"@id\":\"https:\/\/foroprogresotenerife.org\/#organization\",\"name\":\"Foro por el Progreso de Tenerife\",\"url\":\"https:\/\/foroprogresotenerife.org\/\",\"logo\":{\"@type\":\"ImageObject\",\"inLanguage\":\"es\",\"@id\":\"https:\/\/foroprogresotenerife.org\/#\/schema\/logo\/image\/\",\"url\":\"https:\/\/foroprogresotenerife.org\/wp-content\/uploads\/2024\/03\/cropped-icono.png\",\"contentUrl\":\"https:\/\/foroprogresotenerife.org\/wp-content\/uploads\/2024\/03\/cropped-icono.png\",\"width\":512,\"height\":512,\"caption\":\"Foro por el Progreso de Tenerife\"},\"image\":{\"@id\":\"https:\/\/foroprogresotenerife.org\/#\/schema\/logo\/image\/\"},\"sameAs\":[\"https:\/\/www.linkedin.com\/company\/foro-progreso-tenerife\/\"]}]}<\/script>\n<!-- \/ Yoast SEO plugin. -->","yoast_head_json":{"title":"Modernizaci\u00f3n de las Infraestructuras Energ\u00e9ticas - Foro por el Progreso de Tenerife","robots":{"index":"noindex","follow":"follow","max-snippet":"max-snippet:-1","max-image-preview":"max-image-preview:large","max-video-preview":"max-video-preview:-1"},"og_locale":"es_ES","og_type":"article","og_title":"Modernizaci\u00f3n de las Infraestructuras Energ\u00e9ticas - Foro por el Progreso de Tenerife","og_description":"El sistema energ\u00e9tico de la isla es fr\u00e1gil de manera intr\u00ednseca (derivado de su aislamiento) pero tambi\u00e9n como consecuencia en el retraso de las inversiones necesarias para evitar la obsolescencia, el crecimiento de la demanda, las restricciones regulatorias y la necesidad de promover el cambio del mix energ\u00e9tico orientado hacia la descarbonizaci\u00f3n. Tenerife est\u00e1 muy [&hellip;]","og_url":"https:\/\/foroprogresotenerife.org\/index.php\/modernizacion-de-las-infraestructuras-energeticas\/","og_site_name":"Foro por el Progreso de Tenerife","article_modified_time":"2024-03-19T09:05:06+00:00","twitter_card":"summary_large_image","twitter_misc":{"Tiempo de lectura":"1 minuto"},"schema":{"@context":"https:\/\/schema.org","@graph":[{"@type":"WebPage","@id":"https:\/\/foroprogresotenerife.org\/index.php\/modernizacion-de-las-infraestructuras-energeticas\/","url":"https:\/\/foroprogresotenerife.org\/index.php\/modernizacion-de-las-infraestructuras-energeticas\/","name":"Modernizaci\u00f3n de las Infraestructuras Energ\u00e9ticas - Foro por el Progreso de Tenerife","isPartOf":{"@id":"https:\/\/foroprogresotenerife.org\/#website"},"datePublished":"2024-03-18T23:15:33+00:00","dateModified":"2024-03-19T09:05:06+00:00","breadcrumb":{"@id":"https:\/\/foroprogresotenerife.org\/index.php\/modernizacion-de-las-infraestructuras-energeticas\/#breadcrumb"},"inLanguage":"es","potentialAction":[{"@type":"ReadAction","target":["https:\/\/foroprogresotenerife.org\/index.php\/modernizacion-de-las-infraestructuras-energeticas\/"]}]},{"@type":"BreadcrumbList","@id":"https:\/\/foroprogresotenerife.org\/index.php\/modernizacion-de-las-infraestructuras-energeticas\/#breadcrumb","itemListElement":[{"@type":"ListItem","position":1,"name":"Portada","item":"https:\/\/foroprogresotenerife.org\/"},{"@type":"ListItem","position":2,"name":"Modernizaci\u00f3n de las Infraestructuras Energ\u00e9ticas"}]},{"@type":"WebSite","@id":"https:\/\/foroprogresotenerife.org\/#website","url":"https:\/\/foroprogresotenerife.org\/","name":"Foro por el Progreso de Tenerife","description":"El sector empresarial de Tenerife se une para favorecer el crecimiento de la Isla y reducir los desequilibrios","publisher":{"@id":"https:\/\/foroprogresotenerife.org\/#organization"},"potentialAction":[{"@type":"SearchAction","target":{"@type":"EntryPoint","urlTemplate":"https:\/\/foroprogresotenerife.org\/?s={search_term_string}"},"query-input":{"@type":"PropertyValueSpecification","valueRequired":true,"valueName":"search_term_string"}}],"inLanguage":"es"},{"@type":"Organization","@id":"https:\/\/foroprogresotenerife.org\/#organization","name":"Foro por el Progreso de Tenerife","url":"https:\/\/foroprogresotenerife.org\/","logo":{"@type":"ImageObject","inLanguage":"es","@id":"https:\/\/foroprogresotenerife.org\/#\/schema\/logo\/image\/","url":"https:\/\/foroprogresotenerife.org\/wp-content\/uploads\/2024\/03\/cropped-icono.png","contentUrl":"https:\/\/foroprogresotenerife.org\/wp-content\/uploads\/2024\/03\/cropped-icono.png","width":512,"height":512,"caption":"Foro por el Progreso de Tenerife"},"image":{"@id":"https:\/\/foroprogresotenerife.org\/#\/schema\/logo\/image\/"},"sameAs":["https:\/\/www.linkedin.com\/company\/foro-progreso-tenerife\/"]}]}},"_links":{"self":[{"href":"https:\/\/foroprogresotenerife.org\/index.php\/wp-json\/wp\/v2\/pages\/186","targetHints":{"allow":["GET"]}}],"collection":[{"href":"https:\/\/foroprogresotenerife.org\/index.php\/wp-json\/wp\/v2\/pages"}],"about":[{"href":"https:\/\/foroprogresotenerife.org\/index.php\/wp-json\/wp\/v2\/types\/page"}],"author":[{"embeddable":true,"href":"https:\/\/foroprogresotenerife.org\/index.php\/wp-json\/wp\/v2\/users\/1"}],"replies":[{"embeddable":true,"href":"https:\/\/foroprogresotenerife.org\/index.php\/wp-json\/wp\/v2\/comments?post=186"}],"version-history":[{"count":4,"href":"https:\/\/foroprogresotenerife.org\/index.php\/wp-json\/wp\/v2\/pages\/186\/revisions"}],"predecessor-version":[{"id":230,"href":"https:\/\/foroprogresotenerife.org\/index.php\/wp-json\/wp\/v2\/pages\/186\/revisions\/230"}],"wp:attachment":[{"href":"https:\/\/foroprogresotenerife.org\/index.php\/wp-json\/wp\/v2\/media?parent=186"}],"curies":[{"name":"wp","href":"https:\/\/api.w.org\/{rel}","templated":true}]}}