{"id":190,"date":"2024-03-18T23:21:03","date_gmt":"2024-03-18T23:21:03","guid":{"rendered":"https:\/\/foroprogresotenerife.org\/?page_id=190"},"modified":"2024-03-19T09:05:16","modified_gmt":"2024-03-19T09:05:16","slug":"cambio-de-modelo-de-movilidad","status":"publish","type":"page","link":"https:\/\/foroprogresotenerife.org\/index.php\/cambio-de-modelo-de-movilidad\/","title":{"rendered":"Cambio de Modelo de Movilidad"},"content":{"rendered":"\n<figure class=\"wp-block-pullquote has-text-align-left\"><blockquote><p>Es un tema central para mejorar la calidad de vida de los ciudadanos de la isla, aumentar la productividad reduciendo los costes y tiempos de traslado y promover el cambio de modelo econ\u00f3mico hacia una mayor sostenibilidad. Tenerife no puede esperar m\u00e1s y debe aprovechar el momento existente de recursos para promover las obras necesarias y tambi\u00e9n el cambio de modelo de movilidad insular<\/p><\/blockquote><\/figure>\n\n\n\n<figure class=\"wp-block-table is-style-stripes\"><table><thead><tr><th><\/th><th><\/th><\/tr><\/thead><tbody><tr><td><strong>Algunos datos que sirven para identificar el problema<\/strong><\/td><td>Elevado n\u00famero de veh\u00edculos y obsolescencia del parque de veh\u00edculos existente<br>Baja penetraci\u00f3n desplazamientos transporte p\u00fablico sobre total<br>Elevada movilidad motorizada sobre movilidad total, incluida para desplazamientos obligados<br>Elevada Dispersi\u00f3n de la poblaci\u00f3n<br>Baja velocidad comercial comprada del transporte p\u00fablico<br>Coste comparado precio transporte p\u00fablico sobre renta disponible<br>Alta congesti\u00f3n viario-alta capacidad existente<br>Emisiones de sistema de transporte por carretera<\/td><\/tr><tr><td><strong>Referencias bibliogr\u00e1ficas o documentales<\/strong><\/td><td>Plan Insular de Movilidad Sostenible de Tenerife PIMSIT (en tramitaci\u00f3n)<br>Planes territoriales de Tranv\u00eda y Trenes Norte y Sur de Tenerife<br>Estrategia canaria de movilidad sostenible (en elaboraci\u00f3n)<br>Estudio an\u00e1lisis alternativas corredor transporte publico zona sur de Tenerife<br>Convenio carreteras del Gobierno de Canarias<\/td><\/tr><tr><td><strong>Principales desaf\u00edos<\/strong><\/td><td>Promover un cambio de modelo respecto a la movilidad, aprovechando el momento actual de recursos para mejorar la calidad de vida de los ciudadanos, reducir costes y tiempos<br>Consensuar las prioridades infraestructuras y promover de manera definitiva las obras previstas<br>Aumentar la competitividad del sistema p\u00fablico de transporte<br>Adecuar el parque m\u00f3vil a los retos de la sostenibilidad<br>Reducir valores emisiones del sistema de transporte por carretera<br>Mejorar la competitividad del sistema de transporte de mercanc\u00edas por carreteras<br>Mejorar respuesta sistema taxis a los cambios de la demanda local y visitante<br>Impulsar otros modos de transporte, a la demanda y no motorizados<\/td><\/tr><tr><td><strong>Metodolog\u00eda para profundizar en su estudio y soluciones<\/strong><\/td><td>Datos de Cuadro de mando<br>Grupo trabajo interno Foro e inputs expertos<\/td><\/tr><tr><td><strong>Hoja de ruta<\/strong><\/td><td>Elaborar cuadro de mando estad\u00edstico para Tenerife<br>Reuniones grupo de trabajo<br>An\u00e1lisis experto<br>Conclusiones<\/td><\/tr><\/tbody><tfoot><tr><td><\/td><td><\/td><\/tr><\/tfoot><\/table><\/figure>\n","protected":false},"excerpt":{"rendered":"<p>Es un tema central para mejorar la calidad de vida de los ciudadanos de la isla, aumentar la productividad reduciendo los costes y tiempos de traslado y promover el cambio de modelo econ\u00f3mico hacia una mayor sostenibilidad. Tenerife no puede esperar m\u00e1s y debe aprovechar el momento existente de recursos para promover las obras necesarias [&hellip;]<\/p>\n","protected":false},"author":1,"featured_media":0,"parent":0,"menu_order":0,"comment_status":"closed","ping_status":"closed","template":"","meta":{"_et_pb_use_builder":"off","_et_pb_old_content":"","_et_gb_content_width":"","_themeisle_gutenberg_block_has_review":false,"footnotes":""},"class_list":["post-190","page","type-page","status-publish","hentry"],"yoast_head":"<!-- This site is optimized with the Yoast SEO plugin v26.4 - https:\/\/yoast.com\/wordpress\/plugins\/seo\/ -->\n<title>Cambio de Modelo de Movilidad - Foro por el Progreso de Tenerife<\/title>\n<meta name=\"robots\" content=\"noindex, follow, max-snippet:-1, max-image-preview:large, max-video-preview:-1\" \/>\n<meta property=\"og:locale\" content=\"es_ES\" \/>\n<meta property=\"og:type\" content=\"article\" \/>\n<meta property=\"og:title\" content=\"Cambio de Modelo de Movilidad - Foro por el Progreso de Tenerife\" \/>\n<meta property=\"og:description\" content=\"Es un tema central para mejorar la calidad de vida de los ciudadanos de la isla, aumentar la productividad reduciendo los costes y tiempos de traslado y promover el cambio de modelo econ\u00f3mico hacia una mayor sostenibilidad. Tenerife no puede esperar m\u00e1s y debe aprovechar el momento existente de recursos para promover las obras necesarias [&hellip;]\" \/>\n<meta property=\"og:url\" content=\"https:\/\/foroprogresotenerife.org\/index.php\/cambio-de-modelo-de-movilidad\/\" \/>\n<meta property=\"og:site_name\" content=\"Foro por el Progreso de Tenerife\" \/>\n<meta property=\"article:modified_time\" content=\"2024-03-19T09:05:16+00:00\" \/>\n<meta name=\"twitter:card\" content=\"summary_large_image\" \/>\n<meta name=\"twitter:label1\" content=\"Tiempo de lectura\" \/>\n\t<meta name=\"twitter:data1\" content=\"2 minutos\" \/>\n<script type=\"application\/ld+json\" class=\"yoast-schema-graph\">{\"@context\":\"https:\/\/schema.org\",\"@graph\":[{\"@type\":\"WebPage\",\"@id\":\"https:\/\/foroprogresotenerife.org\/index.php\/cambio-de-modelo-de-movilidad\/\",\"url\":\"https:\/\/foroprogresotenerife.org\/index.php\/cambio-de-modelo-de-movilidad\/\",\"name\":\"Cambio de Modelo de Movilidad - Foro por el Progreso de Tenerife\",\"isPartOf\":{\"@id\":\"https:\/\/foroprogresotenerife.org\/#website\"},\"datePublished\":\"2024-03-18T23:21:03+00:00\",\"dateModified\":\"2024-03-19T09:05:16+00:00\",\"breadcrumb\":{\"@id\":\"https:\/\/foroprogresotenerife.org\/index.php\/cambio-de-modelo-de-movilidad\/#breadcrumb\"},\"inLanguage\":\"es\",\"potentialAction\":[{\"@type\":\"ReadAction\",\"target\":[\"https:\/\/foroprogresotenerife.org\/index.php\/cambio-de-modelo-de-movilidad\/\"]}]},{\"@type\":\"BreadcrumbList\",\"@id\":\"https:\/\/foroprogresotenerife.org\/index.php\/cambio-de-modelo-de-movilidad\/#breadcrumb\",\"itemListElement\":[{\"@type\":\"ListItem\",\"position\":1,\"name\":\"Portada\",\"item\":\"https:\/\/foroprogresotenerife.org\/\"},{\"@type\":\"ListItem\",\"position\":2,\"name\":\"Cambio de Modelo de Movilidad\"}]},{\"@type\":\"WebSite\",\"@id\":\"https:\/\/foroprogresotenerife.org\/#website\",\"url\":\"https:\/\/foroprogresotenerife.org\/\",\"name\":\"Foro por el Progreso de Tenerife\",\"description\":\"El sector empresarial de Tenerife se une para favorecer el crecimiento de la Isla y reducir los desequilibrios\",\"publisher\":{\"@id\":\"https:\/\/foroprogresotenerife.org\/#organization\"},\"potentialAction\":[{\"@type\":\"SearchAction\",\"target\":{\"@type\":\"EntryPoint\",\"urlTemplate\":\"https:\/\/foroprogresotenerife.org\/?s={search_term_string}\"},\"query-input\":{\"@type\":\"PropertyValueSpecification\",\"valueRequired\":true,\"valueName\":\"search_term_string\"}}],\"inLanguage\":\"es\"},{\"@type\":\"Organization\",\"@id\":\"https:\/\/foroprogresotenerife.org\/#organization\",\"name\":\"Foro por el Progreso de Tenerife\",\"url\":\"https:\/\/foroprogresotenerife.org\/\",\"logo\":{\"@type\":\"ImageObject\",\"inLanguage\":\"es\",\"@id\":\"https:\/\/foroprogresotenerife.org\/#\/schema\/logo\/image\/\",\"url\":\"https:\/\/foroprogresotenerife.org\/wp-content\/uploads\/2024\/03\/cropped-icono.png\",\"contentUrl\":\"https:\/\/foroprogresotenerife.org\/wp-content\/uploads\/2024\/03\/cropped-icono.png\",\"width\":512,\"height\":512,\"caption\":\"Foro por el Progreso de Tenerife\"},\"image\":{\"@id\":\"https:\/\/foroprogresotenerife.org\/#\/schema\/logo\/image\/\"},\"sameAs\":[\"https:\/\/www.linkedin.com\/company\/foro-progreso-tenerife\/\"]}]}<\/script>\n<!-- \/ Yoast SEO plugin. -->","yoast_head_json":{"title":"Cambio de Modelo de Movilidad - Foro por el Progreso de Tenerife","robots":{"index":"noindex","follow":"follow","max-snippet":"max-snippet:-1","max-image-preview":"max-image-preview:large","max-video-preview":"max-video-preview:-1"},"og_locale":"es_ES","og_type":"article","og_title":"Cambio de Modelo de Movilidad - Foro por el Progreso de Tenerife","og_description":"Es un tema central para mejorar la calidad de vida de los ciudadanos de la isla, aumentar la productividad reduciendo los costes y tiempos de traslado y promover el cambio de modelo econ\u00f3mico hacia una mayor sostenibilidad. Tenerife no puede esperar m\u00e1s y debe aprovechar el momento existente de recursos para promover las obras necesarias [&hellip;]","og_url":"https:\/\/foroprogresotenerife.org\/index.php\/cambio-de-modelo-de-movilidad\/","og_site_name":"Foro por el Progreso de Tenerife","article_modified_time":"2024-03-19T09:05:16+00:00","twitter_card":"summary_large_image","twitter_misc":{"Tiempo de lectura":"2 minutos"},"schema":{"@context":"https:\/\/schema.org","@graph":[{"@type":"WebPage","@id":"https:\/\/foroprogresotenerife.org\/index.php\/cambio-de-modelo-de-movilidad\/","url":"https:\/\/foroprogresotenerife.org\/index.php\/cambio-de-modelo-de-movilidad\/","name":"Cambio de Modelo de Movilidad - Foro por el Progreso de Tenerife","isPartOf":{"@id":"https:\/\/foroprogresotenerife.org\/#website"},"datePublished":"2024-03-18T23:21:03+00:00","dateModified":"2024-03-19T09:05:16+00:00","breadcrumb":{"@id":"https:\/\/foroprogresotenerife.org\/index.php\/cambio-de-modelo-de-movilidad\/#breadcrumb"},"inLanguage":"es","potentialAction":[{"@type":"ReadAction","target":["https:\/\/foroprogresotenerife.org\/index.php\/cambio-de-modelo-de-movilidad\/"]}]},{"@type":"BreadcrumbList","@id":"https:\/\/foroprogresotenerife.org\/index.php\/cambio-de-modelo-de-movilidad\/#breadcrumb","itemListElement":[{"@type":"ListItem","position":1,"name":"Portada","item":"https:\/\/foroprogresotenerife.org\/"},{"@type":"ListItem","position":2,"name":"Cambio de Modelo de Movilidad"}]},{"@type":"WebSite","@id":"https:\/\/foroprogresotenerife.org\/#website","url":"https:\/\/foroprogresotenerife.org\/","name":"Foro por el Progreso de Tenerife","description":"El sector empresarial de Tenerife se une para favorecer el crecimiento de la Isla y reducir los desequilibrios","publisher":{"@id":"https:\/\/foroprogresotenerife.org\/#organization"},"potentialAction":[{"@type":"SearchAction","target":{"@type":"EntryPoint","urlTemplate":"https:\/\/foroprogresotenerife.org\/?s={search_term_string}"},"query-input":{"@type":"PropertyValueSpecification","valueRequired":true,"valueName":"search_term_string"}}],"inLanguage":"es"},{"@type":"Organization","@id":"https:\/\/foroprogresotenerife.org\/#organization","name":"Foro por el Progreso de Tenerife","url":"https:\/\/foroprogresotenerife.org\/","logo":{"@type":"ImageObject","inLanguage":"es","@id":"https:\/\/foroprogresotenerife.org\/#\/schema\/logo\/image\/","url":"https:\/\/foroprogresotenerife.org\/wp-content\/uploads\/2024\/03\/cropped-icono.png","contentUrl":"https:\/\/foroprogresotenerife.org\/wp-content\/uploads\/2024\/03\/cropped-icono.png","width":512,"height":512,"caption":"Foro por el Progreso de Tenerife"},"image":{"@id":"https:\/\/foroprogresotenerife.org\/#\/schema\/logo\/image\/"},"sameAs":["https:\/\/www.linkedin.com\/company\/foro-progreso-tenerife\/"]}]}},"_links":{"self":[{"href":"https:\/\/foroprogresotenerife.org\/index.php\/wp-json\/wp\/v2\/pages\/190","targetHints":{"allow":["GET"]}}],"collection":[{"href":"https:\/\/foroprogresotenerife.org\/index.php\/wp-json\/wp\/v2\/pages"}],"about":[{"href":"https:\/\/foroprogresotenerife.org\/index.php\/wp-json\/wp\/v2\/types\/page"}],"author":[{"embeddable":true,"href":"https:\/\/foroprogresotenerife.org\/index.php\/wp-json\/wp\/v2\/users\/1"}],"replies":[{"embeddable":true,"href":"https:\/\/foroprogresotenerife.org\/index.php\/wp-json\/wp\/v2\/comments?post=190"}],"version-history":[{"count":4,"href":"https:\/\/foroprogresotenerife.org\/index.php\/wp-json\/wp\/v2\/pages\/190\/revisions"}],"predecessor-version":[{"id":231,"href":"https:\/\/foroprogresotenerife.org\/index.php\/wp-json\/wp\/v2\/pages\/190\/revisions\/231"}],"wp:attachment":[{"href":"https:\/\/foroprogresotenerife.org\/index.php\/wp-json\/wp\/v2\/media?parent=190"}],"curies":[{"name":"wp","href":"https:\/\/api.w.org\/{rel}","templated":true}]}}

<figure class="wp-block-pullquote has-text-align-left"><blockquote><p>Es un tema central para mejorar la calidad de vida de los ciudadanos de la isla, aumentar la productividad reduciendo los costes y tiempos de traslado y promover el cambio de modelo económico hacia una mayor sostenibilidad. Tenerife no puede esperar más y debe aprovechar el momento existente de recursos para promover las obras necesarias y también el cambio de modelo de movilidad insular</p></blockquote></figure>



<figure class="wp-block-table is-style-stripes"><table><thead><tr><th></th><th></th></tr></thead><tbody><tr><td><strong>Algunos datos que sirven para identificar el problema</strong></td><td>Elevado número de vehículos y obsolescencia del parque de vehículos existente<br>Baja penetración desplazamientos transporte público sobre total<br>Elevada movilidad motorizada sobre movilidad total, incluida para desplazamientos obligados<br>Elevada Dispersión de la población<br>Baja velocidad comercial comprada del transporte público<br>Coste comparado precio transporte público sobre renta disponible<br>Alta congestión viario-alta capacidad existente<br>Emisiones de sistema de transporte por carretera</td></tr><tr><td><strong>Referencias bibliográficas o documentales</strong></td><td>Plan Insular de Movilidad Sostenible de Tenerife PIMSIT (en tramitación)<br>Planes territoriales de Tranvía y Trenes Norte y Sur de Tenerife<br>Estrategia canaria de movilidad sostenible (en elaboración)<br>Estudio análisis alternativas corredor transporte publico zona sur de Tenerife<br>Convenio carreteras del Gobierno de Canarias</td></tr><tr><td><strong>Principales desafíos</strong></td><td>Promover un cambio de modelo respecto a la movilidad, aprovechando el momento actual de recursos para mejorar la calidad de vida de los ciudadanos, reducir costes y tiempos<br>Consensuar las prioridades infraestructuras y promover de manera definitiva las obras previstas<br>Aumentar la competitividad del sistema público de transporte<br>Adecuar el parque móvil a los retos de la sostenibilidad<br>Reducir valores emisiones del sistema de transporte por carretera<br>Mejorar la competitividad del sistema de transporte de mercancías por carreteras<br>Mejorar respuesta sistema taxis a los cambios de la demanda local y visitante<br>Impulsar otros modos de transporte, a la demanda y no motorizados</td></tr><tr><td><strong>Metodología para profundizar en su estudio y soluciones</strong></td><td>Datos de Cuadro de mando<br>Grupo trabajo interno Foro e inputs expertos</td></tr><tr><td><strong>Hoja de ruta</strong></td><td>Elaborar cuadro de mando estadístico para Tenerife<br>Reuniones grupo de trabajo<br>Análisis experto<br>Conclusiones</td></tr></tbody><tfoot><tr><td></td><td></td></tr></tfoot></table></figure>

<p>Es un tema central para mejorar la calidad de vida de los ciudadanos de la isla, aumentar la productividad reduciendo los costes y tiempos de traslado y promover el cambio de modelo económico hacia una mayor sostenibilidad. Tenerife no puede esperar más y debe aprovechar el momento existente de recursos para promover las obras necesarias [&hellip;]</p>

<!-- This site is optimized with the Yoast SEO plugin v26.4 - https://yoast.com/wordpress/plugins/seo/ -->
<title>Cambio de Modelo de Movilidad - Foro por el Progreso de Tenerife</title>
<meta name="robots" content="noindex, follow, max-snippet:-1, max-image-preview:large, max-video-preview:-1" />
<meta property="og:locale" content="es_ES" />
<meta property="og:type" content="article" />
<meta property="og:title" content="Cambio de Modelo de Movilidad - Foro por el Progreso de Tenerife" />
<meta property="og:description" content="Es un tema central para mejorar la calidad de vida de los ciudadanos de la isla, aumentar la productividad reduciendo los costes y tiempos de traslado y promover el cambio de modelo económico hacia una mayor sostenibilidad. Tenerife no puede esperar más y debe aprovechar el momento existente de recursos para promover las obras necesarias [&hellip;]" />
<meta property="og:url" content="https://foroprogresotenerife.org/index.php/cambio-de-modelo-de-movilidad/" />
<meta property="og:site_name" content="Foro por el Progreso de Tenerife" />
<meta property="article:modified_time" content="2024-03-19T09:05:16+00:00" />
<meta name="twitter:card" content="summary_large_image" />
<meta name="twitter:label1" content="Tiempo de lectura" />
	<meta name="twitter:data1" content="2 minutos" />
<script type="application/ld+json" class="yoast-schema-graph">{"@context":"https://schema.org","@graph":[{"@type":"WebPage","@id":"https://foroprogresotenerife.org/index.php/cambio-de-modelo-de-movilidad/","url":"https://foroprogresotenerife.org/index.php/cambio-de-modelo-de-movilidad/","name":"Cambio de Modelo de Movilidad - Foro por el Progreso de Tenerife","isPartOf":{"@id":"https://foroprogresotenerife.org/#website"},"datePublished":"2024-03-18T23:21:03+00:00","dateModified":"2024-03-19T09:05:16+00:00","breadcrumb":{"@id":"https://foroprogresotenerife.org/index.php/cambio-de-modelo-de-movilidad/#breadcrumb"},"inLanguage":"es","potentialAction":[{"@type":"ReadAction","target":["https://foroprogresotenerife.org/index.php/cambio-de-modelo-de-movilidad/"]}]},{"@type":"BreadcrumbList","@id":"https://foroprogresotenerife.org/index.php/cambio-de-modelo-de-movilidad/#breadcrumb","itemListElement":[{"@type":"ListItem","position":1,"name":"Portada","item":"https://foroprogresotenerife.org/"},{"@type":"ListItem","position":2,"name":"Cambio de Modelo de Movilidad"}]},{"@type":"WebSite","@id":"https://foroprogresotenerife.org/#website","url":"https://foroprogresotenerife.org/","name":"Foro por el Progreso de Tenerife","description":"El sector empresarial de Tenerife se une para favorecer el crecimiento de la Isla y reducir los desequilibrios","publisher":{"@id":"https://foroprogresotenerife.org/#organization"},"potentialAction":[{"@type":"SearchAction","target":{"@type":"EntryPoint","urlTemplate":"https://foroprogresotenerife.org/?s={search_term_string}"},"query-input":{"@type":"PropertyValueSpecification","valueRequired":true,"valueName":"search_term_string"}}],"inLanguage":"es"},{"@type":"Organization","@id":"https://foroprogresotenerife.org/#organization","name":"Foro por el Progreso de Tenerife","url":"https://foroprogresotenerife.org/","logo":{"@type":"ImageObject","inLanguage":"es","@id":"https://foroprogresotenerife.org/#/schema/logo/image/","url":"https://foroprogresotenerife.org/wp-content/uploads/2024/03/cropped-icono.png","contentUrl":"https://foroprogresotenerife.org/wp-content/uploads/2024/03/cropped-icono.png","width":512,"height":512,"caption":"Foro por el Progreso de Tenerife"},"image":{"@id":"https://foroprogresotenerife.org/#/schema/logo/image/"},"sameAs":["https://www.linkedin.com/company/foro-progreso-tenerife/"]}]}</script>
<!-- / Yoast SEO plugin. -->

Es un tema central para mejorar la calidad de vida de los ciudadanos de la isla, aumentar la productividad reduciendo los costes y tiempos de traslado y promover el cambio de modelo económico hacia una mayor sostenibilidad. Tenerife no puede esperar más y debe aprovechar el momento existente de recursos para promover las obras necesarias [&hellip;]
