{"id":195,"date":"2024-03-18T23:28:42","date_gmt":"2024-03-18T23:28:42","guid":{"rendered":"https:\/\/foroprogresotenerife.org\/?page_id=195"},"modified":"2024-03-19T10:26:23","modified_gmt":"2024-03-19T10:26:23","slug":"competitividad-del-sistema-portuario","status":"publish","type":"page","link":"https:\/\/foroprogresotenerife.org\/index.php\/competitividad-del-sistema-portuario\/","title":{"rendered":"Competitividad del Sistema Portuario"},"content":{"rendered":"\n<figure class=\"wp-block-pullquote has-text-align-left\"><blockquote><p>Una isla sin un puerto competitivo no ser\u00e1 competitiva. En la econom\u00eda de Canarias, con dos polos econ\u00f3micos relevantes, se hace necesario nivelar la competitividad de nuestro sistema portuario para que ofrezca la agilidad y el nivel de servicios que se requiere, a\u00f1adiendo adem\u00e1s nuevas actividades vinculadas a la reparaci\u00f3n, al aprovisionamiento o a la actividad off \u2013 shore.<\/p><\/blockquote><\/figure>\n\n\n\n<div class=\"wp-block-columns is-layout-flex wp-container-core-columns-is-layout-9d6595d7 wp-block-columns-is-layout-flex\">\n<div class=\"wp-block-column is-layout-flow wp-block-column-is-layout-flow\" style=\"flex-basis:100%\">\n<figure class=\"wp-block-table is-style-stripes\"><table><thead><tr><th class=\"has-text-align-left\" data-align=\"left\"><\/th><th><\/th><\/tr><\/thead><tbody><tr><td class=\"has-text-align-left\" data-align=\"left\"><strong>Algunos datos que sirven para identificar el problema<\/strong><\/td><td>Posici\u00f3n del Puerto de Tenerife en el ranking nacional portuario<br>An\u00e1lisis del aprovisionamiento directo o indirecto (cabotaje) del Puerto<br>TEUs movilizados para transbordo<br>Indicadores comparados de competitividad<\/td><\/tr><tr><td class=\"has-text-align-left\" data-align=\"left\"><strong>Referencias bibliogr\u00e1ficas o documentales<\/strong><\/td><td><a href=\"https:\/\/www.diariodelpuerto.com\/maritimo\/el-paquete-fit-for-55-nos-deja-fuera-de-cualquier-competitividad-internacional-IK16940954\" target=\"_blank\" rel=\"noreferrer noopener\">https:\/\/www.diariodelpuerto.com\/maritimo\/el-paquete-fit-for-55-nos-deja-fuera-de-cualquier-competitividad-internacional-IK16940954<\/a><br>Directiva Fit for 55: <br><a href=\"https:\/\/www.europarl.europa.eu\/RegData\/etudes\/ATAG\/2022\/729395\/EPRS_ATA(2022)729395_EN.pdf\" target=\"_blank\" rel=\"noreferrer noopener\">https:\/\/www.europarl.europa.eu\/RegData\/etudes\/ATAG\/2022\/729395\/EPRS_ATA(2022)729395_EN.pdf<\/a><br>Plan Estrat\u00e9gico: <br><a href=\"https:\/\/www.puertosdetenerife.org\/sobre-la-autoridad-portuaria\/plan-estrategico\/\" target=\"_blank\" rel=\"noreferrer noopener\">https:\/\/www.puertosdetenerife.org\/sobre-la-autoridad-portuaria\/plan-estrategico\/<\/a><br><a href=\"https:\/\/observatorio.puertos.es\/DOC_PUBLICOS\/DOCUMENTO%20DE%20AN\u00c1LISIS%202022.pdf\">https:\/\/observatorio.puertos.es\/DOC_PUBLICOS\/DOCUMENTO%20DE%20AN\u00c1LISIS%202022.pdf<\/a><br><a href=\"https:\/\/observatorio.puertos.es\/DOC_PUBLICOS\/Servicios%20de%20medici\u00f3n%20de%20la%20calidad%20de%20los%20servicios%20t\u00e9cnico-n\u00e1uticos.pdf\">https:\/\/observatorio.puertos.es\/DOC_PUBLICOS\/Servicios%20de%20medici\u00f3n%20de%20la%20calidad%20de%20los%20servicios%20t\u00e9cnico-n\u00e1uticos.pdf<\/a><br>Un modelo para el an\u00e1lisis de la competitividad portuaria: una aplicaci\u00f3n a los puertos de Las Palmas y Santa Cruz de Tenerife: <a href=\"https:\/\/accedacris.ulpgc.es\/bitstream\/10553\/19389\/3\/0618672_00000_0000.pdf\" target=\"_blank\" rel=\"noreferrer noopener\">https:\/\/accedacris.ulpgc.es\/bitstream\/10553\/19389\/3\/0618672_00000_0000.pdf<\/a><br><a href=\"https:\/\/dialnet.unirioja.es\/descarga\/articulo\/5676309.pdf\" target=\"_blank\" rel=\"noreferrer noopener\">https:\/\/dialnet.unirioja.es\/descarga\/articulo\/5676309.pdf<\/a><\/td><\/tr><tr><td class=\"has-text-align-left\" data-align=\"left\"><strong>Principales desaf\u00edos<\/strong><\/td><td>Mejora calidad y competitividad de los servicios portuarios, ampliando servicios y disponibilidad<br>Impulsar la plena operatividad del Puerto de Granadilla<br>Impulsar la digitalizaci\u00f3n del Puerto<br>Mejorar la actitud hacia el negocio de concesionarios y operadores: puerto de tr\u00e1ficos y servicios<br>Introducci\u00f3n del gas como combustible para bunkering<br>Mejora de la coordinaci\u00f3n administrativa: aduanas, fito, capitan\u00eda mar\u00edtima, concesiones y explotaci\u00f3n.<\/td><\/tr><tr><td class=\"has-text-align-left\" data-align=\"left\"><\/td><td><\/td><\/tr><tr><td class=\"has-text-align-left\" data-align=\"left\"><strong>Metodolog\u00eda para profundizar en su estudio y soluciones<\/strong><\/td><td>Datos de Cuadro de mando<br>Grupo trabajo interno Foro e inputs expertos<\/td><\/tr><\/tbody><tfoot><tr><td class=\"has-text-align-left\" data-align=\"left\"><strong>Hoja de ruta<\/strong><\/td><td>Elaborar cuadro de mando estad\u00edstico para Tenerife<br>Reuniones grupo de trabajo<br>An\u00e1lisis experto<br>Conclusiones<\/td><\/tr><\/tfoot><\/table><\/figure>\n<\/div>\n<\/div>\n","protected":false},"excerpt":{"rendered":"<p>Una isla sin un puerto competitivo no ser\u00e1 competitiva. En la econom\u00eda de Canarias, con dos polos econ\u00f3micos relevantes, se hace necesario nivelar la competitividad de nuestro sistema portuario para que ofrezca la agilidad y el nivel de servicios que se requiere, a\u00f1adiendo adem\u00e1s nuevas actividades vinculadas a la reparaci\u00f3n, al aprovisionamiento o a la [&hellip;]<\/p>\n","protected":false},"author":1,"featured_media":0,"parent":0,"menu_order":0,"comment_status":"closed","ping_status":"closed","template":"","meta":{"_et_pb_use_builder":"off","_et_pb_old_content":"","_et_gb_content_width":"","_themeisle_gutenberg_block_has_review":false,"footnotes":""},"class_list":["post-195","page","type-page","status-publish","hentry"],"yoast_head":"<!-- This site is optimized with the Yoast SEO plugin v26.4 - https:\/\/yoast.com\/wordpress\/plugins\/seo\/ -->\n<title>Competitividad del Sistema Portuario - Foro por el Progreso de Tenerife<\/title>\n<meta name=\"robots\" content=\"noindex, follow, max-snippet:-1, max-image-preview:large, max-video-preview:-1\" \/>\n<meta property=\"og:locale\" content=\"es_ES\" \/>\n<meta property=\"og:type\" content=\"article\" \/>\n<meta property=\"og:title\" content=\"Competitividad del Sistema Portuario - Foro por el Progreso de Tenerife\" \/>\n<meta property=\"og:description\" content=\"Una isla sin un puerto competitivo no ser\u00e1 competitiva. En la econom\u00eda de Canarias, con dos polos econ\u00f3micos relevantes, se hace necesario nivelar la competitividad de nuestro sistema portuario para que ofrezca la agilidad y el nivel de servicios que se requiere, a\u00f1adiendo adem\u00e1s nuevas actividades vinculadas a la reparaci\u00f3n, al aprovisionamiento o a la [&hellip;]\" \/>\n<meta property=\"og:url\" content=\"https:\/\/foroprogresotenerife.org\/index.php\/competitividad-del-sistema-portuario\/\" \/>\n<meta property=\"og:site_name\" content=\"Foro por el Progreso de Tenerife\" \/>\n<meta property=\"article:modified_time\" content=\"2024-03-19T10:26:23+00:00\" \/>\n<meta name=\"twitter:card\" content=\"summary_large_image\" \/>\n<meta name=\"twitter:label1\" content=\"Tiempo de lectura\" \/>\n\t<meta name=\"twitter:data1\" content=\"1 minuto\" \/>\n<script type=\"application\/ld+json\" class=\"yoast-schema-graph\">{\"@context\":\"https:\/\/schema.org\",\"@graph\":[{\"@type\":\"WebPage\",\"@id\":\"https:\/\/foroprogresotenerife.org\/index.php\/competitividad-del-sistema-portuario\/\",\"url\":\"https:\/\/foroprogresotenerife.org\/index.php\/competitividad-del-sistema-portuario\/\",\"name\":\"Competitividad del Sistema Portuario - Foro por el Progreso de Tenerife\",\"isPartOf\":{\"@id\":\"https:\/\/foroprogresotenerife.org\/#website\"},\"datePublished\":\"2024-03-18T23:28:42+00:00\",\"dateModified\":\"2024-03-19T10:26:23+00:00\",\"breadcrumb\":{\"@id\":\"https:\/\/foroprogresotenerife.org\/index.php\/competitividad-del-sistema-portuario\/#breadcrumb\"},\"inLanguage\":\"es\",\"potentialAction\":[{\"@type\":\"ReadAction\",\"target\":[\"https:\/\/foroprogresotenerife.org\/index.php\/competitividad-del-sistema-portuario\/\"]}]},{\"@type\":\"BreadcrumbList\",\"@id\":\"https:\/\/foroprogresotenerife.org\/index.php\/competitividad-del-sistema-portuario\/#breadcrumb\",\"itemListElement\":[{\"@type\":\"ListItem\",\"position\":1,\"name\":\"Portada\",\"item\":\"https:\/\/foroprogresotenerife.org\/\"},{\"@type\":\"ListItem\",\"position\":2,\"name\":\"Competitividad del Sistema Portuario\"}]},{\"@type\":\"WebSite\",\"@id\":\"https:\/\/foroprogresotenerife.org\/#website\",\"url\":\"https:\/\/foroprogresotenerife.org\/\",\"name\":\"Foro por el Progreso de Tenerife\",\"description\":\"El sector empresarial de Tenerife se une para favorecer el crecimiento de la Isla y reducir los desequilibrios\",\"publisher\":{\"@id\":\"https:\/\/foroprogresotenerife.org\/#organization\"},\"potentialAction\":[{\"@type\":\"SearchAction\",\"target\":{\"@type\":\"EntryPoint\",\"urlTemplate\":\"https:\/\/foroprogresotenerife.org\/?s={search_term_string}\"},\"query-input\":{\"@type\":\"PropertyValueSpecification\",\"valueRequired\":true,\"valueName\":\"search_term_string\"}}],\"inLanguage\":\"es\"},{\"@type\":\"Organization\",\"@id\":\"https:\/\/foroprogresotenerife.org\/#organization\",\"name\":\"Foro por el Progreso de Tenerife\",\"url\":\"https:\/\/foroprogresotenerife.org\/\",\"logo\":{\"@type\":\"ImageObject\",\"inLanguage\":\"es\",\"@id\":\"https:\/\/foroprogresotenerife.org\/#\/schema\/logo\/image\/\",\"url\":\"https:\/\/foroprogresotenerife.org\/wp-content\/uploads\/2024\/03\/cropped-icono.png\",\"contentUrl\":\"https:\/\/foroprogresotenerife.org\/wp-content\/uploads\/2024\/03\/cropped-icono.png\",\"width\":512,\"height\":512,\"caption\":\"Foro por el Progreso de Tenerife\"},\"image\":{\"@id\":\"https:\/\/foroprogresotenerife.org\/#\/schema\/logo\/image\/\"},\"sameAs\":[\"https:\/\/www.linkedin.com\/company\/foro-progreso-tenerife\/\"]}]}<\/script>\n<!-- \/ Yoast SEO plugin. -->","yoast_head_json":{"title":"Competitividad del Sistema Portuario - Foro por el Progreso de Tenerife","robots":{"index":"noindex","follow":"follow","max-snippet":"max-snippet:-1","max-image-preview":"max-image-preview:large","max-video-preview":"max-video-preview:-1"},"og_locale":"es_ES","og_type":"article","og_title":"Competitividad del Sistema Portuario - Foro por el Progreso de Tenerife","og_description":"Una isla sin un puerto competitivo no ser\u00e1 competitiva. En la econom\u00eda de Canarias, con dos polos econ\u00f3micos relevantes, se hace necesario nivelar la competitividad de nuestro sistema portuario para que ofrezca la agilidad y el nivel de servicios que se requiere, a\u00f1adiendo adem\u00e1s nuevas actividades vinculadas a la reparaci\u00f3n, al aprovisionamiento o a la [&hellip;]","og_url":"https:\/\/foroprogresotenerife.org\/index.php\/competitividad-del-sistema-portuario\/","og_site_name":"Foro por el Progreso de Tenerife","article_modified_time":"2024-03-19T10:26:23+00:00","twitter_card":"summary_large_image","twitter_misc":{"Tiempo de lectura":"1 minuto"},"schema":{"@context":"https:\/\/schema.org","@graph":[{"@type":"WebPage","@id":"https:\/\/foroprogresotenerife.org\/index.php\/competitividad-del-sistema-portuario\/","url":"https:\/\/foroprogresotenerife.org\/index.php\/competitividad-del-sistema-portuario\/","name":"Competitividad del Sistema Portuario - Foro por el Progreso de Tenerife","isPartOf":{"@id":"https:\/\/foroprogresotenerife.org\/#website"},"datePublished":"2024-03-18T23:28:42+00:00","dateModified":"2024-03-19T10:26:23+00:00","breadcrumb":{"@id":"https:\/\/foroprogresotenerife.org\/index.php\/competitividad-del-sistema-portuario\/#breadcrumb"},"inLanguage":"es","potentialAction":[{"@type":"ReadAction","target":["https:\/\/foroprogresotenerife.org\/index.php\/competitividad-del-sistema-portuario\/"]}]},{"@type":"BreadcrumbList","@id":"https:\/\/foroprogresotenerife.org\/index.php\/competitividad-del-sistema-portuario\/#breadcrumb","itemListElement":[{"@type":"ListItem","position":1,"name":"Portada","item":"https:\/\/foroprogresotenerife.org\/"},{"@type":"ListItem","position":2,"name":"Competitividad del Sistema Portuario"}]},{"@type":"WebSite","@id":"https:\/\/foroprogresotenerife.org\/#website","url":"https:\/\/foroprogresotenerife.org\/","name":"Foro por el Progreso de Tenerife","description":"El sector empresarial de Tenerife se une para favorecer el crecimiento de la Isla y reducir los desequilibrios","publisher":{"@id":"https:\/\/foroprogresotenerife.org\/#organization"},"potentialAction":[{"@type":"SearchAction","target":{"@type":"EntryPoint","urlTemplate":"https:\/\/foroprogresotenerife.org\/?s={search_term_string}"},"query-input":{"@type":"PropertyValueSpecification","valueRequired":true,"valueName":"search_term_string"}}],"inLanguage":"es"},{"@type":"Organization","@id":"https:\/\/foroprogresotenerife.org\/#organization","name":"Foro por el Progreso de Tenerife","url":"https:\/\/foroprogresotenerife.org\/","logo":{"@type":"ImageObject","inLanguage":"es","@id":"https:\/\/foroprogresotenerife.org\/#\/schema\/logo\/image\/","url":"https:\/\/foroprogresotenerife.org\/wp-content\/uploads\/2024\/03\/cropped-icono.png","contentUrl":"https:\/\/foroprogresotenerife.org\/wp-content\/uploads\/2024\/03\/cropped-icono.png","width":512,"height":512,"caption":"Foro por el Progreso de Tenerife"},"image":{"@id":"https:\/\/foroprogresotenerife.org\/#\/schema\/logo\/image\/"},"sameAs":["https:\/\/www.linkedin.com\/company\/foro-progreso-tenerife\/"]}]}},"_links":{"self":[{"href":"https:\/\/foroprogresotenerife.org\/index.php\/wp-json\/wp\/v2\/pages\/195","targetHints":{"allow":["GET"]}}],"collection":[{"href":"https:\/\/foroprogresotenerife.org\/index.php\/wp-json\/wp\/v2\/pages"}],"about":[{"href":"https:\/\/foroprogresotenerife.org\/index.php\/wp-json\/wp\/v2\/types\/page"}],"author":[{"embeddable":true,"href":"https:\/\/foroprogresotenerife.org\/index.php\/wp-json\/wp\/v2\/users\/1"}],"replies":[{"embeddable":true,"href":"https:\/\/foroprogresotenerife.org\/index.php\/wp-json\/wp\/v2\/comments?post=195"}],"version-history":[{"count":4,"href":"https:\/\/foroprogresotenerife.org\/index.php\/wp-json\/wp\/v2\/pages\/195\/revisions"}],"predecessor-version":[{"id":232,"href":"https:\/\/foroprogresotenerife.org\/index.php\/wp-json\/wp\/v2\/pages\/195\/revisions\/232"}],"wp:attachment":[{"href":"https:\/\/foroprogresotenerife.org\/index.php\/wp-json\/wp\/v2\/media?parent=195"}],"curies":[{"name":"wp","href":"https:\/\/api.w.org\/{rel}","templated":true}]}}

<figure class="wp-block-pullquote has-text-align-left"><blockquote><p>Una isla sin un puerto competitivo no será competitiva. En la economía de Canarias, con dos polos económicos relevantes, se hace necesario nivelar la competitividad de nuestro sistema portuario para que ofrezca la agilidad y el nivel de servicios que se requiere, añadiendo además nuevas actividades vinculadas a la reparación, al aprovisionamiento o a la actividad off – shore.</p></blockquote></figure>



<div class="wp-block-columns is-layout-flex wp-container-core-columns-is-layout-9d6595d7 wp-block-columns-is-layout-flex">
<div class="wp-block-column is-layout-flow wp-block-column-is-layout-flow" style="flex-basis:100%">
<figure class="wp-block-table is-style-stripes"><table><thead><tr><th class="has-text-align-left" data-align="left"></th><th></th></tr></thead><tbody><tr><td class="has-text-align-left" data-align="left"><strong>Algunos datos que sirven para identificar el problema</strong></td><td>Posición del Puerto de Tenerife en el ranking nacional portuario<br>Análisis del aprovisionamiento directo o indirecto (cabotaje) del Puerto<br>TEUs movilizados para transbordo<br>Indicadores comparados de competitividad</td></tr><tr><td class="has-text-align-left" data-align="left"><strong>Referencias bibliográficas o documentales</strong></td><td><a href="https://www.diariodelpuerto.com/maritimo/el-paquete-fit-for-55-nos-deja-fuera-de-cualquier-competitividad-internacional-IK16940954" target="_blank" rel="noreferrer noopener">https://www.diariodelpuerto.com/maritimo/el-paquete-fit-for-55-nos-deja-fuera-de-cualquier-competitividad-internacional-IK16940954</a><br>Directiva Fit for 55: <br><a href="https://www.europarl.europa.eu/RegData/etudes/ATAG/2022/729395/EPRS_ATA(2022)729395_EN.pdf" target="_blank" rel="noreferrer noopener">https://www.europarl.europa.eu/RegData/etudes/ATAG/2022/729395/EPRS_ATA(2022)729395_EN.pdf</a><br>Plan Estratégico: <br><a href="https://www.puertosdetenerife.org/sobre-la-autoridad-portuaria/plan-estrategico/" target="_blank" rel="noreferrer noopener">https://www.puertosdetenerife.org/sobre-la-autoridad-portuaria/plan-estrategico/</a><br><a href="https://observatorio.puertos.es/DOC_PUBLICOS/DOCUMENTO%20DE%20ANÁLISIS%202022.pdf">https://observatorio.puertos.es/DOC_PUBLICOS/DOCUMENTO%20DE%20ANÁLISIS%202022.pdf</a><br><a href="https://observatorio.puertos.es/DOC_PUBLICOS/Servicios%20de%20medición%20de%20la%20calidad%20de%20los%20servicios%20técnico-náuticos.pdf">https://observatorio.puertos.es/DOC_PUBLICOS/Servicios%20de%20medición%20de%20la%20calidad%20de%20los%20servicios%20técnico-náuticos.pdf</a><br>Un modelo para el análisis de la competitividad portuaria: una aplicación a los puertos de Las Palmas y Santa Cruz de Tenerife: <a href="https://accedacris.ulpgc.es/bitstream/10553/19389/3/0618672_00000_0000.pdf" target="_blank" rel="noreferrer noopener">https://accedacris.ulpgc.es/bitstream/10553/19389/3/0618672_00000_0000.pdf</a><br><a href="https://dialnet.unirioja.es/descarga/articulo/5676309.pdf" target="_blank" rel="noreferrer noopener">https://dialnet.unirioja.es/descarga/articulo/5676309.pdf</a></td></tr><tr><td class="has-text-align-left" data-align="left"><strong>Principales desafíos</strong></td><td>Mejora calidad y competitividad de los servicios portuarios, ampliando servicios y disponibilidad<br>Impulsar la plena operatividad del Puerto de Granadilla<br>Impulsar la digitalización del Puerto<br>Mejorar la actitud hacia el negocio de concesionarios y operadores: puerto de tráficos y servicios<br>Introducción del gas como combustible para bunkering<br>Mejora de la coordinación administrativa: aduanas, fito, capitanía marítima, concesiones y explotación.</td></tr><tr><td class="has-text-align-left" data-align="left"></td><td></td></tr><tr><td class="has-text-align-left" data-align="left"><strong>Metodología para profundizar en su estudio y soluciones</strong></td><td>Datos de Cuadro de mando<br>Grupo trabajo interno Foro e inputs expertos</td></tr></tbody><tfoot><tr><td class="has-text-align-left" data-align="left"><strong>Hoja de ruta</strong></td><td>Elaborar cuadro de mando estadístico para Tenerife<br>Reuniones grupo de trabajo<br>Análisis experto<br>Conclusiones</td></tr></tfoot></table></figure>
</div>
</div>

<p>Una isla sin un puerto competitivo no será competitiva. En la economía de Canarias, con dos polos económicos relevantes, se hace necesario nivelar la competitividad de nuestro sistema portuario para que ofrezca la agilidad y el nivel de servicios que se requiere, añadiendo además nuevas actividades vinculadas a la reparación, al aprovisionamiento o a la [&hellip;]</p>

<!-- This site is optimized with the Yoast SEO plugin v26.4 - https://yoast.com/wordpress/plugins/seo/ -->
<title>Competitividad del Sistema Portuario - Foro por el Progreso de Tenerife</title>
<meta name="robots" content="noindex, follow, max-snippet:-1, max-image-preview:large, max-video-preview:-1" />
<meta property="og:locale" content="es_ES" />
<meta property="og:type" content="article" />
<meta property="og:title" content="Competitividad del Sistema Portuario - Foro por el Progreso de Tenerife" />
<meta property="og:description" content="Una isla sin un puerto competitivo no será competitiva. En la economía de Canarias, con dos polos económicos relevantes, se hace necesario nivelar la competitividad de nuestro sistema portuario para que ofrezca la agilidad y el nivel de servicios que se requiere, añadiendo además nuevas actividades vinculadas a la reparación, al aprovisionamiento o a la [&hellip;]" />
<meta property="og:url" content="https://foroprogresotenerife.org/index.php/competitividad-del-sistema-portuario/" />
<meta property="og:site_name" content="Foro por el Progreso de Tenerife" />
<meta property="article:modified_time" content="2024-03-19T10:26:23+00:00" />
<meta name="twitter:card" content="summary_large_image" />
<meta name="twitter:label1" content="Tiempo de lectura" />
	<meta name="twitter:data1" content="1 minuto" />
<script type="application/ld+json" class="yoast-schema-graph">{"@context":"https://schema.org","@graph":[{"@type":"WebPage","@id":"https://foroprogresotenerife.org/index.php/competitividad-del-sistema-portuario/","url":"https://foroprogresotenerife.org/index.php/competitividad-del-sistema-portuario/","name":"Competitividad del Sistema Portuario - Foro por el Progreso de Tenerife","isPartOf":{"@id":"https://foroprogresotenerife.org/#website"},"datePublished":"2024-03-18T23:28:42+00:00","dateModified":"2024-03-19T10:26:23+00:00","breadcrumb":{"@id":"https://foroprogresotenerife.org/index.php/competitividad-del-sistema-portuario/#breadcrumb"},"inLanguage":"es","potentialAction":[{"@type":"ReadAction","target":["https://foroprogresotenerife.org/index.php/competitividad-del-sistema-portuario/"]}]},{"@type":"BreadcrumbList","@id":"https://foroprogresotenerife.org/index.php/competitividad-del-sistema-portuario/#breadcrumb","itemListElement":[{"@type":"ListItem","position":1,"name":"Portada","item":"https://foroprogresotenerife.org/"},{"@type":"ListItem","position":2,"name":"Competitividad del Sistema Portuario"}]},{"@type":"WebSite","@id":"https://foroprogresotenerife.org/#website","url":"https://foroprogresotenerife.org/","name":"Foro por el Progreso de Tenerife","description":"El sector empresarial de Tenerife se une para favorecer el crecimiento de la Isla y reducir los desequilibrios","publisher":{"@id":"https://foroprogresotenerife.org/#organization"},"potentialAction":[{"@type":"SearchAction","target":{"@type":"EntryPoint","urlTemplate":"https://foroprogresotenerife.org/?s={search_term_string}"},"query-input":{"@type":"PropertyValueSpecification","valueRequired":true,"valueName":"search_term_string"}}],"inLanguage":"es"},{"@type":"Organization","@id":"https://foroprogresotenerife.org/#organization","name":"Foro por el Progreso de Tenerife","url":"https://foroprogresotenerife.org/","logo":{"@type":"ImageObject","inLanguage":"es","@id":"https://foroprogresotenerife.org/#/schema/logo/image/","url":"https://foroprogresotenerife.org/wp-content/uploads/2024/03/cropped-icono.png","contentUrl":"https://foroprogresotenerife.org/wp-content/uploads/2024/03/cropped-icono.png","width":512,"height":512,"caption":"Foro por el Progreso de Tenerife"},"image":{"@id":"https://foroprogresotenerife.org/#/schema/logo/image/"},"sameAs":["https://www.linkedin.com/company/foro-progreso-tenerife/"]}]}</script>
<!-- / Yoast SEO plugin. -->

Una isla sin un puerto competitivo no será competitiva. En la economía de Canarias, con dos polos económicos relevantes, se hace necesario nivelar la competitividad de nuestro sistema portuario para que ofrezca la agilidad y el nivel de servicios que se requiere, añadiendo además nuevas actividades vinculadas a la reparación, al aprovisionamiento o a la [&hellip;]
