{"id":199,"date":"2024-03-18T23:35:46","date_gmt":"2024-03-18T23:35:46","guid":{"rendered":"https:\/\/foroprogresotenerife.org\/?page_id=199"},"modified":"2024-03-19T09:10:33","modified_gmt":"2024-03-19T09:10:33","slug":"transformacion-de-los-aeropuertos-y-su-equipamiento","status":"publish","type":"page","link":"https:\/\/foroprogresotenerife.org\/index.php\/transformacion-de-los-aeropuertos-y-su-equipamiento\/","title":{"rendered":"Transformaci\u00f3n de los Aeropuertos y su Equipamiento"},"content":{"rendered":"\n<figure class=\"wp-block-pullquote has-text-align-left\"><blockquote><p>Los aeropuertos de la isla son, junto a los puertos, el Gateway necesario de Tenerife y que configura realmente su capacidad econ\u00f3mica, en particular en relaci\u00f3n con el principal sector econ\u00f3mico de Tenerife, el Turismo. Su relevancia para el territorio insular no concuerda sin embargo con la estructura de gobernanza de este, dado la naturaleza centralizada de las decisiones del gestor aeroportuario. Se hace necesario transformar los aeropuertos en verdaderos sistemas aut\u00f3nomos, con una potente inversi\u00f3n para transformar sus equipamientos (en el lado tierra y en el lado aire) y con una mejor conexi\u00f3n con el territorio y la econom\u00eda a la que sirven.<\/p><\/blockquote><\/figure>\n\n\n\n<figure class=\"wp-block-table is-style-stripes\"><table><thead><tr><th><\/th><th><\/th><\/tr><\/thead><tbody><tr><td>Algunos datos que sirven para identificar el problema<\/td><td>Recuperaci\u00f3n desde 2022 del n\u00famero pasajeros pre \u2013 pandemia<br>Distribuci\u00f3n rutas y operadores por rutas con elevada conectividad pero con problemas de competencia en algunas conexiones<br>Encuestas calidad servicio AENA<br>Evoluci\u00f3n de tasas AENA<\/td><\/tr><tr><td>Referencias bibliogr\u00e1ficas o documentales<\/td><td>Fuente turismo de Tenerife: Datos de pasajeros y turistas isla de Tenerife<br><a href=\"https:\/\/www.aena.es\/es\/corporativa\/sostenibilidad-ambiental\/cambio-climatico\/plan-accion-climatica.html\" target=\"_blank\" rel=\"noreferrer noopener\">Plan de Acci\u00f3n Clim\u00e1tica de AENA<\/a><br>Resumen propio acciones clave e inversi\u00f3n<br>Planes Directores de TFS y TFN AENA<br>DORA 2022 \u2013 2026<br>Actualizaci\u00f3n Plan Estrat\u00e9gico AENA: <a href=\"https:\/\/www.aena.es\/doc\/detalleprensa\/actualizacion-pe-2022-2026.pdf\" target=\"_blank\" rel=\"noreferrer noopener\">https:\/\/www.aena.es\/doc\/detalleprensa\/actualizacion-pe-2022-2026.pdf<\/a><br>Plan Territorial Plataforma Log\u00edstica<\/td><\/tr><tr><td>Principales desaf\u00edos<\/td><td>Ampliaci\u00f3n capacidades de ambos aeropuertos para desarrollar sus necesidades en un escenario temporal amplio<br>De manera particular nueva Terminal TFS<br>Mejora conectividad y competencia en rutas, en particular con el corredor Madrid y resto Espa\u00f1a.<br>Impulso transporte de mercanc\u00edas (TFN)<br>Mejora servicios de apoyo (aduanas, fitosanitarios)<br>Mejora calidad de servicios<\/td><\/tr><tr><td>Metodolog\u00eda para profundizar en su estudio y soluciones<\/td><td>Datos de Cuadro de mando<br>Grupo trabajo interno Foro e inputs expertos<\/td><\/tr><tr><td>Hoja de ruta<\/td><td>Elaborar cuadro de mando estad\u00edstico para Tenerife<br>Reuniones grupo de trabajo<br>An\u00e1lisis experto<br>Conclusiones<\/td><\/tr><\/tbody><tfoot><tr><td><\/td><td><\/td><\/tr><\/tfoot><\/table><\/figure>\n","protected":false},"excerpt":{"rendered":"<p>Los aeropuertos de la isla son, junto a los puertos, el Gateway necesario de Tenerife y que configura realmente su capacidad econ\u00f3mica, en particular en relaci\u00f3n con el principal sector econ\u00f3mico de Tenerife, el Turismo. Su relevancia para el territorio insular no concuerda sin embargo con la estructura de gobernanza de este, dado la naturaleza [&hellip;]<\/p>\n","protected":false},"author":1,"featured_media":0,"parent":0,"menu_order":0,"comment_status":"closed","ping_status":"closed","template":"","meta":{"_et_pb_use_builder":"off","_et_pb_old_content":"","_et_gb_content_width":"","_themeisle_gutenberg_block_has_review":false,"footnotes":""},"class_list":["post-199","page","type-page","status-publish","hentry"],"yoast_head":"<!-- This site is optimized with the Yoast SEO plugin v26.4 - https:\/\/yoast.com\/wordpress\/plugins\/seo\/ -->\n<title>Transformaci\u00f3n de los Aeropuertos y su Equipamiento - Foro por el Progreso de Tenerife<\/title>\n<meta name=\"robots\" content=\"noindex, follow, max-snippet:-1, max-image-preview:large, max-video-preview:-1\" \/>\n<meta property=\"og:locale\" content=\"es_ES\" \/>\n<meta property=\"og:type\" content=\"article\" \/>\n<meta property=\"og:title\" content=\"Transformaci\u00f3n de los Aeropuertos y su Equipamiento - Foro por el Progreso de Tenerife\" \/>\n<meta property=\"og:description\" content=\"Los aeropuertos de la isla son, junto a los puertos, el Gateway necesario de Tenerife y que configura realmente su capacidad econ\u00f3mica, en particular en relaci\u00f3n con el principal sector econ\u00f3mico de Tenerife, el Turismo. Su relevancia para el territorio insular no concuerda sin embargo con la estructura de gobernanza de este, dado la naturaleza [&hellip;]\" \/>\n<meta property=\"og:url\" content=\"https:\/\/foroprogresotenerife.org\/index.php\/transformacion-de-los-aeropuertos-y-su-equipamiento\/\" \/>\n<meta property=\"og:site_name\" content=\"Foro por el Progreso de Tenerife\" \/>\n<meta property=\"article:modified_time\" content=\"2024-03-19T09:10:33+00:00\" \/>\n<meta name=\"twitter:card\" content=\"summary_large_image\" \/>\n<meta name=\"twitter:label1\" content=\"Tiempo de lectura\" \/>\n\t<meta name=\"twitter:data1\" content=\"1 minuto\" \/>\n<script type=\"application\/ld+json\" class=\"yoast-schema-graph\">{\"@context\":\"https:\/\/schema.org\",\"@graph\":[{\"@type\":\"WebPage\",\"@id\":\"https:\/\/foroprogresotenerife.org\/index.php\/transformacion-de-los-aeropuertos-y-su-equipamiento\/\",\"url\":\"https:\/\/foroprogresotenerife.org\/index.php\/transformacion-de-los-aeropuertos-y-su-equipamiento\/\",\"name\":\"Transformaci\u00f3n de los Aeropuertos y su Equipamiento - Foro por el Progreso de Tenerife\",\"isPartOf\":{\"@id\":\"https:\/\/foroprogresotenerife.org\/#website\"},\"datePublished\":\"2024-03-18T23:35:46+00:00\",\"dateModified\":\"2024-03-19T09:10:33+00:00\",\"breadcrumb\":{\"@id\":\"https:\/\/foroprogresotenerife.org\/index.php\/transformacion-de-los-aeropuertos-y-su-equipamiento\/#breadcrumb\"},\"inLanguage\":\"es\",\"potentialAction\":[{\"@type\":\"ReadAction\",\"target\":[\"https:\/\/foroprogresotenerife.org\/index.php\/transformacion-de-los-aeropuertos-y-su-equipamiento\/\"]}]},{\"@type\":\"BreadcrumbList\",\"@id\":\"https:\/\/foroprogresotenerife.org\/index.php\/transformacion-de-los-aeropuertos-y-su-equipamiento\/#breadcrumb\",\"itemListElement\":[{\"@type\":\"ListItem\",\"position\":1,\"name\":\"Portada\",\"item\":\"https:\/\/foroprogresotenerife.org\/\"},{\"@type\":\"ListItem\",\"position\":2,\"name\":\"Transformaci\u00f3n de los Aeropuertos y su Equipamiento\"}]},{\"@type\":\"WebSite\",\"@id\":\"https:\/\/foroprogresotenerife.org\/#website\",\"url\":\"https:\/\/foroprogresotenerife.org\/\",\"name\":\"Foro por el Progreso de Tenerife\",\"description\":\"El sector empresarial de Tenerife se une para favorecer el crecimiento de la Isla y reducir los desequilibrios\",\"publisher\":{\"@id\":\"https:\/\/foroprogresotenerife.org\/#organization\"},\"potentialAction\":[{\"@type\":\"SearchAction\",\"target\":{\"@type\":\"EntryPoint\",\"urlTemplate\":\"https:\/\/foroprogresotenerife.org\/?s={search_term_string}\"},\"query-input\":{\"@type\":\"PropertyValueSpecification\",\"valueRequired\":true,\"valueName\":\"search_term_string\"}}],\"inLanguage\":\"es\"},{\"@type\":\"Organization\",\"@id\":\"https:\/\/foroprogresotenerife.org\/#organization\",\"name\":\"Foro por el Progreso de Tenerife\",\"url\":\"https:\/\/foroprogresotenerife.org\/\",\"logo\":{\"@type\":\"ImageObject\",\"inLanguage\":\"es\",\"@id\":\"https:\/\/foroprogresotenerife.org\/#\/schema\/logo\/image\/\",\"url\":\"https:\/\/foroprogresotenerife.org\/wp-content\/uploads\/2024\/03\/cropped-icono.png\",\"contentUrl\":\"https:\/\/foroprogresotenerife.org\/wp-content\/uploads\/2024\/03\/cropped-icono.png\",\"width\":512,\"height\":512,\"caption\":\"Foro por el Progreso de Tenerife\"},\"image\":{\"@id\":\"https:\/\/foroprogresotenerife.org\/#\/schema\/logo\/image\/\"},\"sameAs\":[\"https:\/\/www.linkedin.com\/company\/foro-progreso-tenerife\/\"]}]}<\/script>\n<!-- \/ Yoast SEO plugin. -->","yoast_head_json":{"title":"Transformaci\u00f3n de los Aeropuertos y su Equipamiento - Foro por el Progreso de Tenerife","robots":{"index":"noindex","follow":"follow","max-snippet":"max-snippet:-1","max-image-preview":"max-image-preview:large","max-video-preview":"max-video-preview:-1"},"og_locale":"es_ES","og_type":"article","og_title":"Transformaci\u00f3n de los Aeropuertos y su Equipamiento - Foro por el Progreso de Tenerife","og_description":"Los aeropuertos de la isla son, junto a los puertos, el Gateway necesario de Tenerife y que configura realmente su capacidad econ\u00f3mica, en particular en relaci\u00f3n con el principal sector econ\u00f3mico de Tenerife, el Turismo. Su relevancia para el territorio insular no concuerda sin embargo con la estructura de gobernanza de este, dado la naturaleza [&hellip;]","og_url":"https:\/\/foroprogresotenerife.org\/index.php\/transformacion-de-los-aeropuertos-y-su-equipamiento\/","og_site_name":"Foro por el Progreso de Tenerife","article_modified_time":"2024-03-19T09:10:33+00:00","twitter_card":"summary_large_image","twitter_misc":{"Tiempo de lectura":"1 minuto"},"schema":{"@context":"https:\/\/schema.org","@graph":[{"@type":"WebPage","@id":"https:\/\/foroprogresotenerife.org\/index.php\/transformacion-de-los-aeropuertos-y-su-equipamiento\/","url":"https:\/\/foroprogresotenerife.org\/index.php\/transformacion-de-los-aeropuertos-y-su-equipamiento\/","name":"Transformaci\u00f3n de los Aeropuertos y su Equipamiento - Foro por el Progreso de Tenerife","isPartOf":{"@id":"https:\/\/foroprogresotenerife.org\/#website"},"datePublished":"2024-03-18T23:35:46+00:00","dateModified":"2024-03-19T09:10:33+00:00","breadcrumb":{"@id":"https:\/\/foroprogresotenerife.org\/index.php\/transformacion-de-los-aeropuertos-y-su-equipamiento\/#breadcrumb"},"inLanguage":"es","potentialAction":[{"@type":"ReadAction","target":["https:\/\/foroprogresotenerife.org\/index.php\/transformacion-de-los-aeropuertos-y-su-equipamiento\/"]}]},{"@type":"BreadcrumbList","@id":"https:\/\/foroprogresotenerife.org\/index.php\/transformacion-de-los-aeropuertos-y-su-equipamiento\/#breadcrumb","itemListElement":[{"@type":"ListItem","position":1,"name":"Portada","item":"https:\/\/foroprogresotenerife.org\/"},{"@type":"ListItem","position":2,"name":"Transformaci\u00f3n de los Aeropuertos y su Equipamiento"}]},{"@type":"WebSite","@id":"https:\/\/foroprogresotenerife.org\/#website","url":"https:\/\/foroprogresotenerife.org\/","name":"Foro por el Progreso de Tenerife","description":"El sector empresarial de Tenerife se une para favorecer el crecimiento de la Isla y reducir los desequilibrios","publisher":{"@id":"https:\/\/foroprogresotenerife.org\/#organization"},"potentialAction":[{"@type":"SearchAction","target":{"@type":"EntryPoint","urlTemplate":"https:\/\/foroprogresotenerife.org\/?s={search_term_string}"},"query-input":{"@type":"PropertyValueSpecification","valueRequired":true,"valueName":"search_term_string"}}],"inLanguage":"es"},{"@type":"Organization","@id":"https:\/\/foroprogresotenerife.org\/#organization","name":"Foro por el Progreso de Tenerife","url":"https:\/\/foroprogresotenerife.org\/","logo":{"@type":"ImageObject","inLanguage":"es","@id":"https:\/\/foroprogresotenerife.org\/#\/schema\/logo\/image\/","url":"https:\/\/foroprogresotenerife.org\/wp-content\/uploads\/2024\/03\/cropped-icono.png","contentUrl":"https:\/\/foroprogresotenerife.org\/wp-content\/uploads\/2024\/03\/cropped-icono.png","width":512,"height":512,"caption":"Foro por el Progreso de Tenerife"},"image":{"@id":"https:\/\/foroprogresotenerife.org\/#\/schema\/logo\/image\/"},"sameAs":["https:\/\/www.linkedin.com\/company\/foro-progreso-tenerife\/"]}]}},"_links":{"self":[{"href":"https:\/\/foroprogresotenerife.org\/index.php\/wp-json\/wp\/v2\/pages\/199","targetHints":{"allow":["GET"]}}],"collection":[{"href":"https:\/\/foroprogresotenerife.org\/index.php\/wp-json\/wp\/v2\/pages"}],"about":[{"href":"https:\/\/foroprogresotenerife.org\/index.php\/wp-json\/wp\/v2\/types\/page"}],"author":[{"embeddable":true,"href":"https:\/\/foroprogresotenerife.org\/index.php\/wp-json\/wp\/v2\/users\/1"}],"replies":[{"embeddable":true,"href":"https:\/\/foroprogresotenerife.org\/index.php\/wp-json\/wp\/v2\/comments?post=199"}],"version-history":[{"count":4,"href":"https:\/\/foroprogresotenerife.org\/index.php\/wp-json\/wp\/v2\/pages\/199\/revisions"}],"predecessor-version":[{"id":238,"href":"https:\/\/foroprogresotenerife.org\/index.php\/wp-json\/wp\/v2\/pages\/199\/revisions\/238"}],"wp:attachment":[{"href":"https:\/\/foroprogresotenerife.org\/index.php\/wp-json\/wp\/v2\/media?parent=199"}],"curies":[{"name":"wp","href":"https:\/\/api.w.org\/{rel}","templated":true}]}}

Transformación de los Aeropuertos y su Equipamiento

<figure class="wp-block-pullquote has-text-align-left"><blockquote><p>Los aeropuertos de la isla son, junto a los puertos, el Gateway necesario de Tenerife y que configura realmente su capacidad económica, en particular en relación con el principal sector económico de Tenerife, el Turismo. Su relevancia para el territorio insular no concuerda sin embargo con la estructura de gobernanza de este, dado la naturaleza centralizada de las decisiones del gestor aeroportuario. Se hace necesario transformar los aeropuertos en verdaderos sistemas autónomos, con una potente inversión para transformar sus equipamientos (en el lado tierra y en el lado aire) y con una mejor conexión con el territorio y la economía a la que sirven.</p></blockquote></figure>



<figure class="wp-block-table is-style-stripes"><table><thead><tr><th></th><th></th></tr></thead><tbody><tr><td>Algunos datos que sirven para identificar el problema</td><td>Recuperación desde 2022 del número pasajeros pre – pandemia<br>Distribución rutas y operadores por rutas con elevada conectividad pero con problemas de competencia en algunas conexiones<br>Encuestas calidad servicio AENA<br>Evolución de tasas AENA</td></tr><tr><td>Referencias bibliográficas o documentales</td><td>Fuente turismo de Tenerife: Datos de pasajeros y turistas isla de Tenerife<br><a href="https://www.aena.es/es/corporativa/sostenibilidad-ambiental/cambio-climatico/plan-accion-climatica.html" target="_blank" rel="noreferrer noopener">Plan de Acción Climática de AENA</a><br>Resumen propio acciones clave e inversión<br>Planes Directores de TFS y TFN AENA<br>DORA 2022 – 2026<br>Actualización Plan Estratégico AENA: <a href="https://www.aena.es/doc/detalleprensa/actualizacion-pe-2022-2026.pdf" target="_blank" rel="noreferrer noopener">https://www.aena.es/doc/detalleprensa/actualizacion-pe-2022-2026.pdf</a><br>Plan Territorial Plataforma Logística</td></tr><tr><td>Principales desafíos</td><td>Ampliación capacidades de ambos aeropuertos para desarrollar sus necesidades en un escenario temporal amplio<br>De manera particular nueva Terminal TFS<br>Mejora conectividad y competencia en rutas, en particular con el corredor Madrid y resto España.<br>Impulso transporte de mercancías (TFN)<br>Mejora servicios de apoyo (aduanas, fitosanitarios)<br>Mejora calidad de servicios</td></tr><tr><td>Metodología para profundizar en su estudio y soluciones</td><td>Datos de Cuadro de mando<br>Grupo trabajo interno Foro e inputs expertos</td></tr><tr><td>Hoja de ruta</td><td>Elaborar cuadro de mando estadístico para Tenerife<br>Reuniones grupo de trabajo<br>Análisis experto<br>Conclusiones</td></tr></tbody><tfoot><tr><td></td><td></td></tr></tfoot></table></figure>

<p>Los aeropuertos de la isla son, junto a los puertos, el Gateway necesario de Tenerife y que configura realmente su capacidad económica, en particular en relación con el principal sector económico de Tenerife, el Turismo. Su relevancia para el territorio insular no concuerda sin embargo con la estructura de gobernanza de este, dado la naturaleza [&hellip;]</p>

<!-- This site is optimized with the Yoast SEO plugin v26.4 - https://yoast.com/wordpress/plugins/seo/ -->
<title>Transformación de los Aeropuertos y su Equipamiento - Foro por el Progreso de Tenerife</title>
<meta name="robots" content="noindex, follow, max-snippet:-1, max-image-preview:large, max-video-preview:-1" />
<meta property="og:locale" content="es_ES" />
<meta property="og:type" content="article" />
<meta property="og:title" content="Transformación de los Aeropuertos y su Equipamiento - Foro por el Progreso de Tenerife" />
<meta property="og:description" content="Los aeropuertos de la isla son, junto a los puertos, el Gateway necesario de Tenerife y que configura realmente su capacidad económica, en particular en relación con el principal sector económico de Tenerife, el Turismo. Su relevancia para el territorio insular no concuerda sin embargo con la estructura de gobernanza de este, dado la naturaleza [&hellip;]" />
<meta property="og:url" content="https://foroprogresotenerife.org/index.php/transformacion-de-los-aeropuertos-y-su-equipamiento/" />
<meta property="og:site_name" content="Foro por el Progreso de Tenerife" />
<meta property="article:modified_time" content="2024-03-19T09:10:33+00:00" />
<meta name="twitter:card" content="summary_large_image" />
<meta name="twitter:label1" content="Tiempo de lectura" />
	<meta name="twitter:data1" content="1 minuto" />
<script type="application/ld+json" class="yoast-schema-graph">{"@context":"https://schema.org","@graph":[{"@type":"WebPage","@id":"https://foroprogresotenerife.org/index.php/transformacion-de-los-aeropuertos-y-su-equipamiento/","url":"https://foroprogresotenerife.org/index.php/transformacion-de-los-aeropuertos-y-su-equipamiento/","name":"Transformación de los Aeropuertos y su Equipamiento - Foro por el Progreso de Tenerife","isPartOf":{"@id":"https://foroprogresotenerife.org/#website"},"datePublished":"2024-03-18T23:35:46+00:00","dateModified":"2024-03-19T09:10:33+00:00","breadcrumb":{"@id":"https://foroprogresotenerife.org/index.php/transformacion-de-los-aeropuertos-y-su-equipamiento/#breadcrumb"},"inLanguage":"es","potentialAction":[{"@type":"ReadAction","target":["https://foroprogresotenerife.org/index.php/transformacion-de-los-aeropuertos-y-su-equipamiento/"]}]},{"@type":"BreadcrumbList","@id":"https://foroprogresotenerife.org/index.php/transformacion-de-los-aeropuertos-y-su-equipamiento/#breadcrumb","itemListElement":[{"@type":"ListItem","position":1,"name":"Portada","item":"https://foroprogresotenerife.org/"},{"@type":"ListItem","position":2,"name":"Transformación de los Aeropuertos y su Equipamiento"}]},{"@type":"WebSite","@id":"https://foroprogresotenerife.org/#website","url":"https://foroprogresotenerife.org/","name":"Foro por el Progreso de Tenerife","description":"El sector empresarial de Tenerife se une para favorecer el crecimiento de la Isla y reducir los desequilibrios","publisher":{"@id":"https://foroprogresotenerife.org/#organization"},"potentialAction":[{"@type":"SearchAction","target":{"@type":"EntryPoint","urlTemplate":"https://foroprogresotenerife.org/?s={search_term_string}"},"query-input":{"@type":"PropertyValueSpecification","valueRequired":true,"valueName":"search_term_string"}}],"inLanguage":"es"},{"@type":"Organization","@id":"https://foroprogresotenerife.org/#organization","name":"Foro por el Progreso de Tenerife","url":"https://foroprogresotenerife.org/","logo":{"@type":"ImageObject","inLanguage":"es","@id":"https://foroprogresotenerife.org/#/schema/logo/image/","url":"https://foroprogresotenerife.org/wp-content/uploads/2024/03/cropped-icono.png","contentUrl":"https://foroprogresotenerife.org/wp-content/uploads/2024/03/cropped-icono.png","width":512,"height":512,"caption":"Foro por el Progreso de Tenerife"},"image":{"@id":"https://foroprogresotenerife.org/#/schema/logo/image/"},"sameAs":["https://www.linkedin.com/company/foro-progreso-tenerife/"]}]}</script>
<!-- / Yoast SEO plugin. -->

Transformación de los Aeropuertos y su Equipamiento - Foro por el Progreso de Tenerife

Los aeropuertos de la isla son, junto a los puertos, el Gateway necesario de Tenerife y que configura realmente su capacidad económica, en particular en relación con el principal sector económico de Tenerife, el Turismo. Su relevancia para el territorio insular no concuerda sin embargo con la estructura de gobernanza de este, dado la naturaleza [&hellip;]
