{"id":214,"date":"2024-03-18T23:52:00","date_gmt":"2024-03-18T23:52:00","guid":{"rendered":"https:\/\/foroprogresotenerife.org\/?page_id=214"},"modified":"2024-03-19T09:04:41","modified_gmt":"2024-03-19T09:04:41","slug":"disfuncionalidades-del-mercado-laboral-formacion-y-capacitacion-laboral","status":"publish","type":"page","link":"https:\/\/foroprogresotenerife.org\/index.php\/disfuncionalidades-del-mercado-laboral-formacion-y-capacitacion-laboral\/","title":{"rendered":"Disfuncionalidades del Mercado Laboral, formaci\u00f3n y capacitaci\u00f3n laboral"},"content":{"rendered":"\n<figure class=\"wp-block-pullquote has-text-align-left\"><blockquote><p>Diferentes factores est\u00e1n agravando los problemas que desde la recuperaci\u00f3n del COVID las empresas tienen para contratar sus necesidades laborales, en particular en determinadas ramas profesionales. Este problema coexiste con un crecimiento poblacional alto y con una alta tasa de paro lo que indica que el mercado laboral muestra disfuncionalidades que es necesario analizar. Vinculado a la cuesti\u00f3n anterior, no parece que los esfuerzos en la mejora de la formaci\u00f3n laboral que se han venido realizando hayan venido a solucionar los problemas de disponibilidad de trabajadores en determinadas ramas profesionales. Quiz\u00e1s una mayor responsabilidad del sistema productivo en el sistema de formaci\u00f3n (a trav\u00e9s del impulso de la formaci\u00f3n dual) pueda ayudar a mitigar este problema.<\/p><\/blockquote><\/figure>\n\n\n\n<figure class=\"wp-block-table is-style-stripes\"><table><thead><tr><th><\/th><th><\/th><\/tr><\/thead><tbody><tr><td>Algunos datos que sirven para identificar el problema<\/td><td>Elevada tasa de paro estructural, por encima del 15%<br>Crecimiento de oferta de trabajo alimentada por saldo migratorio positivo (poblaci\u00f3n activa)<br>Tasas de paro diferenciadas por comarca, escasa movilidad<br>Baja relaci\u00f3n salarios\/rentas m\u00ednimas garantizadas (comparativamente con otras CCAA)<br>Estructura sectorial<br>Cualificaci\u00f3n oferta de trabajo<br>Impacto gran dimisi\u00f3n en sectores relevantes<\/td><\/tr><tr><td>Referencias bibliogr\u00e1ficas o documentales<\/td><td>Instituto Canario de Estad\u00edstica (ISTAC) e INE para datos comparados<br>Informe \u201cPROPUESTAS PARA LA ELABORACI\u00d3N DE PLANES DE EMPLEO EN EL CONTEXTO POST-COVID-19 EN CANARIAS 2021\u201d elaborado por la Confederaci\u00f3n Canaria de Empresarios, CEOE y CEPYME<br>Documento \u201cEstrategia de Desarrollo Industrial de Canarias 2022-2027&#8243; elaborado por GobCan<br>Informe \u201cCanarias despu\u00e9s del COVID-19. Escenario pospand\u00e9mico. 2021\u201d elaborado por el Grupo Parlamentario Nacionalista Canario<br><a href=\"https:\/\/revista.seg-social.es\/-\/un-vistazo-a-los-programas-de-rentas-m%C3%ADnimas-que-funcionan-en-las-comunidades-aut%C3%B3nomas\" target=\"_blank\" rel=\"noreferrer noopener\">https:\/\/revista.seg-social.es\/-\/un-vistazo-a-los-programas-de-rentas-m%C3%ADnimas-que-funcionan-en-las-comunidades-aut%C3%B3nomas<\/a><br>Informes CES Canarias<\/td><\/tr><tr><td>Principales desaf\u00edos<\/td><td>Adaptaci\u00f3n de la oferta formativa para la oferta de empleo anual, flexibilizando y aumentando la financiaci\u00f3n existente.<br>Mayor responsabilidad del sector productivo en la oferta de formaci\u00f3n dual<br>Incremento de la productividad como v\u00eda para el aumento de la relaci\u00f3n salarios\/rentas m\u00ednimas<br>Desarrollo de una mayor diversificaci\u00f3n econ\u00f3mica sectorial<br>Mejora de la movilidad geogr\u00e1fica laboral<br>Papel de las Universidades<\/td><\/tr><tr><td>Metodolog\u00eda para profundizar en su estudio y soluciones<\/td><td>Datos de Cuadro de mando<br>Grupo trabajo interno Foro e inputs expertos<\/td><\/tr><tr><td>Hoja de ruta<\/td><td>Elaborar cuadro de mando estad\u00edstico para Tenerife<br>Reuniones grupo de trabajo<br>An\u00e1lisis experto<br>Conclusiones<\/td><\/tr><\/tbody><tfoot><tr><td><\/td><td><\/td><\/tr><\/tfoot><\/table><\/figure>\n","protected":false},"excerpt":{"rendered":"<p>Diferentes factores est\u00e1n agravando los problemas que desde la recuperaci\u00f3n del COVID las empresas tienen para contratar sus necesidades laborales, en particular en determinadas ramas profesionales. Este problema coexiste con un crecimiento poblacional alto y con una alta tasa de paro lo que indica que el mercado laboral muestra disfuncionalidades que es necesario analizar. Vinculado [&hellip;]<\/p>\n","protected":false},"author":1,"featured_media":0,"parent":0,"menu_order":0,"comment_status":"closed","ping_status":"closed","template":"","meta":{"_et_pb_use_builder":"off","_et_pb_old_content":"","_et_gb_content_width":"","_themeisle_gutenberg_block_has_review":false,"footnotes":""},"class_list":["post-214","page","type-page","status-publish","hentry"],"yoast_head":"<!-- This site is optimized with the Yoast SEO plugin v26.4 - https:\/\/yoast.com\/wordpress\/plugins\/seo\/ -->\n<title>Disfuncionalidades del Mercado Laboral, formaci\u00f3n y capacitaci\u00f3n laboral - Foro por el Progreso de Tenerife<\/title>\n<meta name=\"robots\" content=\"noindex, follow, max-snippet:-1, max-image-preview:large, max-video-preview:-1\" \/>\n<meta property=\"og:locale\" content=\"es_ES\" \/>\n<meta property=\"og:type\" content=\"article\" \/>\n<meta property=\"og:title\" content=\"Disfuncionalidades del Mercado Laboral, formaci\u00f3n y capacitaci\u00f3n laboral - Foro por el Progreso de Tenerife\" \/>\n<meta property=\"og:description\" content=\"Diferentes factores est\u00e1n agravando los problemas que desde la recuperaci\u00f3n del COVID las empresas tienen para contratar sus necesidades laborales, en particular en determinadas ramas profesionales. Este problema coexiste con un crecimiento poblacional alto y con una alta tasa de paro lo que indica que el mercado laboral muestra disfuncionalidades que es necesario analizar. Vinculado [&hellip;]\" \/>\n<meta property=\"og:url\" content=\"https:\/\/foroprogresotenerife.org\/index.php\/disfuncionalidades-del-mercado-laboral-formacion-y-capacitacion-laboral\/\" \/>\n<meta property=\"og:site_name\" content=\"Foro por el Progreso de Tenerife\" \/>\n<meta property=\"article:modified_time\" content=\"2024-03-19T09:04:41+00:00\" \/>\n<meta name=\"twitter:card\" content=\"summary_large_image\" \/>\n<meta name=\"twitter:label1\" content=\"Tiempo de lectura\" \/>\n\t<meta name=\"twitter:data1\" content=\"2 minutos\" \/>\n<script type=\"application\/ld+json\" class=\"yoast-schema-graph\">{\"@context\":\"https:\/\/schema.org\",\"@graph\":[{\"@type\":\"WebPage\",\"@id\":\"https:\/\/foroprogresotenerife.org\/index.php\/disfuncionalidades-del-mercado-laboral-formacion-y-capacitacion-laboral\/\",\"url\":\"https:\/\/foroprogresotenerife.org\/index.php\/disfuncionalidades-del-mercado-laboral-formacion-y-capacitacion-laboral\/\",\"name\":\"Disfuncionalidades del Mercado Laboral, formaci\u00f3n y capacitaci\u00f3n laboral - Foro por el Progreso de Tenerife\",\"isPartOf\":{\"@id\":\"https:\/\/foroprogresotenerife.org\/#website\"},\"datePublished\":\"2024-03-18T23:52:00+00:00\",\"dateModified\":\"2024-03-19T09:04:41+00:00\",\"breadcrumb\":{\"@id\":\"https:\/\/foroprogresotenerife.org\/index.php\/disfuncionalidades-del-mercado-laboral-formacion-y-capacitacion-laboral\/#breadcrumb\"},\"inLanguage\":\"es\",\"potentialAction\":[{\"@type\":\"ReadAction\",\"target\":[\"https:\/\/foroprogresotenerife.org\/index.php\/disfuncionalidades-del-mercado-laboral-formacion-y-capacitacion-laboral\/\"]}]},{\"@type\":\"BreadcrumbList\",\"@id\":\"https:\/\/foroprogresotenerife.org\/index.php\/disfuncionalidades-del-mercado-laboral-formacion-y-capacitacion-laboral\/#breadcrumb\",\"itemListElement\":[{\"@type\":\"ListItem\",\"position\":1,\"name\":\"Portada\",\"item\":\"https:\/\/foroprogresotenerife.org\/\"},{\"@type\":\"ListItem\",\"position\":2,\"name\":\"Disfuncionalidades del Mercado Laboral, formaci\u00f3n y capacitaci\u00f3n laboral\"}]},{\"@type\":\"WebSite\",\"@id\":\"https:\/\/foroprogresotenerife.org\/#website\",\"url\":\"https:\/\/foroprogresotenerife.org\/\",\"name\":\"Foro por el Progreso de Tenerife\",\"description\":\"El sector empresarial de Tenerife se une para favorecer el crecimiento de la Isla y reducir los desequilibrios\",\"publisher\":{\"@id\":\"https:\/\/foroprogresotenerife.org\/#organization\"},\"potentialAction\":[{\"@type\":\"SearchAction\",\"target\":{\"@type\":\"EntryPoint\",\"urlTemplate\":\"https:\/\/foroprogresotenerife.org\/?s={search_term_string}\"},\"query-input\":{\"@type\":\"PropertyValueSpecification\",\"valueRequired\":true,\"valueName\":\"search_term_string\"}}],\"inLanguage\":\"es\"},{\"@type\":\"Organization\",\"@id\":\"https:\/\/foroprogresotenerife.org\/#organization\",\"name\":\"Foro por el Progreso de Tenerife\",\"url\":\"https:\/\/foroprogresotenerife.org\/\",\"logo\":{\"@type\":\"ImageObject\",\"inLanguage\":\"es\",\"@id\":\"https:\/\/foroprogresotenerife.org\/#\/schema\/logo\/image\/\",\"url\":\"https:\/\/foroprogresotenerife.org\/wp-content\/uploads\/2024\/03\/cropped-icono.png\",\"contentUrl\":\"https:\/\/foroprogresotenerife.org\/wp-content\/uploads\/2024\/03\/cropped-icono.png\",\"width\":512,\"height\":512,\"caption\":\"Foro por el Progreso de Tenerife\"},\"image\":{\"@id\":\"https:\/\/foroprogresotenerife.org\/#\/schema\/logo\/image\/\"},\"sameAs\":[\"https:\/\/www.linkedin.com\/company\/foro-progreso-tenerife\/\"]}]}<\/script>\n<!-- \/ Yoast SEO plugin. -->","yoast_head_json":{"title":"Disfuncionalidades del Mercado Laboral, formaci\u00f3n y capacitaci\u00f3n laboral - Foro por el Progreso de Tenerife","robots":{"index":"noindex","follow":"follow","max-snippet":"max-snippet:-1","max-image-preview":"max-image-preview:large","max-video-preview":"max-video-preview:-1"},"og_locale":"es_ES","og_type":"article","og_title":"Disfuncionalidades del Mercado Laboral, formaci\u00f3n y capacitaci\u00f3n laboral - Foro por el Progreso de Tenerife","og_description":"Diferentes factores est\u00e1n agravando los problemas que desde la recuperaci\u00f3n del COVID las empresas tienen para contratar sus necesidades laborales, en particular en determinadas ramas profesionales. Este problema coexiste con un crecimiento poblacional alto y con una alta tasa de paro lo que indica que el mercado laboral muestra disfuncionalidades que es necesario analizar. Vinculado [&hellip;]","og_url":"https:\/\/foroprogresotenerife.org\/index.php\/disfuncionalidades-del-mercado-laboral-formacion-y-capacitacion-laboral\/","og_site_name":"Foro por el Progreso de Tenerife","article_modified_time":"2024-03-19T09:04:41+00:00","twitter_card":"summary_large_image","twitter_misc":{"Tiempo de lectura":"2 minutos"},"schema":{"@context":"https:\/\/schema.org","@graph":[{"@type":"WebPage","@id":"https:\/\/foroprogresotenerife.org\/index.php\/disfuncionalidades-del-mercado-laboral-formacion-y-capacitacion-laboral\/","url":"https:\/\/foroprogresotenerife.org\/index.php\/disfuncionalidades-del-mercado-laboral-formacion-y-capacitacion-laboral\/","name":"Disfuncionalidades del Mercado Laboral, formaci\u00f3n y capacitaci\u00f3n laboral - Foro por el Progreso de Tenerife","isPartOf":{"@id":"https:\/\/foroprogresotenerife.org\/#website"},"datePublished":"2024-03-18T23:52:00+00:00","dateModified":"2024-03-19T09:04:41+00:00","breadcrumb":{"@id":"https:\/\/foroprogresotenerife.org\/index.php\/disfuncionalidades-del-mercado-laboral-formacion-y-capacitacion-laboral\/#breadcrumb"},"inLanguage":"es","potentialAction":[{"@type":"ReadAction","target":["https:\/\/foroprogresotenerife.org\/index.php\/disfuncionalidades-del-mercado-laboral-formacion-y-capacitacion-laboral\/"]}]},{"@type":"BreadcrumbList","@id":"https:\/\/foroprogresotenerife.org\/index.php\/disfuncionalidades-del-mercado-laboral-formacion-y-capacitacion-laboral\/#breadcrumb","itemListElement":[{"@type":"ListItem","position":1,"name":"Portada","item":"https:\/\/foroprogresotenerife.org\/"},{"@type":"ListItem","position":2,"name":"Disfuncionalidades del Mercado Laboral, formaci\u00f3n y capacitaci\u00f3n laboral"}]},{"@type":"WebSite","@id":"https:\/\/foroprogresotenerife.org\/#website","url":"https:\/\/foroprogresotenerife.org\/","name":"Foro por el Progreso de Tenerife","description":"El sector empresarial de Tenerife se une para favorecer el crecimiento de la Isla y reducir los desequilibrios","publisher":{"@id":"https:\/\/foroprogresotenerife.org\/#organization"},"potentialAction":[{"@type":"SearchAction","target":{"@type":"EntryPoint","urlTemplate":"https:\/\/foroprogresotenerife.org\/?s={search_term_string}"},"query-input":{"@type":"PropertyValueSpecification","valueRequired":true,"valueName":"search_term_string"}}],"inLanguage":"es"},{"@type":"Organization","@id":"https:\/\/foroprogresotenerife.org\/#organization","name":"Foro por el Progreso de Tenerife","url":"https:\/\/foroprogresotenerife.org\/","logo":{"@type":"ImageObject","inLanguage":"es","@id":"https:\/\/foroprogresotenerife.org\/#\/schema\/logo\/image\/","url":"https:\/\/foroprogresotenerife.org\/wp-content\/uploads\/2024\/03\/cropped-icono.png","contentUrl":"https:\/\/foroprogresotenerife.org\/wp-content\/uploads\/2024\/03\/cropped-icono.png","width":512,"height":512,"caption":"Foro por el Progreso de Tenerife"},"image":{"@id":"https:\/\/foroprogresotenerife.org\/#\/schema\/logo\/image\/"},"sameAs":["https:\/\/www.linkedin.com\/company\/foro-progreso-tenerife\/"]}]}},"_links":{"self":[{"href":"https:\/\/foroprogresotenerife.org\/index.php\/wp-json\/wp\/v2\/pages\/214","targetHints":{"allow":["GET"]}}],"collection":[{"href":"https:\/\/foroprogresotenerife.org\/index.php\/wp-json\/wp\/v2\/pages"}],"about":[{"href":"https:\/\/foroprogresotenerife.org\/index.php\/wp-json\/wp\/v2\/types\/page"}],"author":[{"embeddable":true,"href":"https:\/\/foroprogresotenerife.org\/index.php\/wp-json\/wp\/v2\/users\/1"}],"replies":[{"embeddable":true,"href":"https:\/\/foroprogresotenerife.org\/index.php\/wp-json\/wp\/v2\/comments?post=214"}],"version-history":[{"count":3,"href":"https:\/\/foroprogresotenerife.org\/index.php\/wp-json\/wp\/v2\/pages\/214\/revisions"}],"predecessor-version":[{"id":229,"href":"https:\/\/foroprogresotenerife.org\/index.php\/wp-json\/wp\/v2\/pages\/214\/revisions\/229"}],"wp:attachment":[{"href":"https:\/\/foroprogresotenerife.org\/index.php\/wp-json\/wp\/v2\/media?parent=214"}],"curies":[{"name":"wp","href":"https:\/\/api.w.org\/{rel}","templated":true}]}}

Disfuncionalidades del Mercado Laboral, formación y capacitación laboral

<figure class="wp-block-pullquote has-text-align-left"><blockquote><p>Diferentes factores están agravando los problemas que desde la recuperación del COVID las empresas tienen para contratar sus necesidades laborales, en particular en determinadas ramas profesionales. Este problema coexiste con un crecimiento poblacional alto y con una alta tasa de paro lo que indica que el mercado laboral muestra disfuncionalidades que es necesario analizar. Vinculado a la cuestión anterior, no parece que los esfuerzos en la mejora de la formación laboral que se han venido realizando hayan venido a solucionar los problemas de disponibilidad de trabajadores en determinadas ramas profesionales. Quizás una mayor responsabilidad del sistema productivo en el sistema de formación (a través del impulso de la formación dual) pueda ayudar a mitigar este problema.</p></blockquote></figure>



<figure class="wp-block-table is-style-stripes"><table><thead><tr><th></th><th></th></tr></thead><tbody><tr><td>Algunos datos que sirven para identificar el problema</td><td>Elevada tasa de paro estructural, por encima del 15%<br>Crecimiento de oferta de trabajo alimentada por saldo migratorio positivo (población activa)<br>Tasas de paro diferenciadas por comarca, escasa movilidad<br>Baja relación salarios/rentas mínimas garantizadas (comparativamente con otras CCAA)<br>Estructura sectorial<br>Cualificación oferta de trabajo<br>Impacto gran dimisión en sectores relevantes</td></tr><tr><td>Referencias bibliográficas o documentales</td><td>Instituto Canario de Estadística (ISTAC) e INE para datos comparados<br>Informe “PROPUESTAS PARA LA ELABORACIÓN DE PLANES DE EMPLEO EN EL CONTEXTO POST-COVID-19 EN CANARIAS 2021” elaborado por la Confederación Canaria de Empresarios, CEOE y CEPYME<br>Documento “Estrategia de Desarrollo Industrial de Canarias 2022-2027&#8243; elaborado por GobCan<br>Informe “Canarias después del COVID-19. Escenario pospandémico. 2021” elaborado por el Grupo Parlamentario Nacionalista Canario<br><a href="https://revista.seg-social.es/-/un-vistazo-a-los-programas-de-rentas-m%C3%ADnimas-que-funcionan-en-las-comunidades-aut%C3%B3nomas" target="_blank" rel="noreferrer noopener">https://revista.seg-social.es/-/un-vistazo-a-los-programas-de-rentas-m%C3%ADnimas-que-funcionan-en-las-comunidades-aut%C3%B3nomas</a><br>Informes CES Canarias</td></tr><tr><td>Principales desafíos</td><td>Adaptación de la oferta formativa para la oferta de empleo anual, flexibilizando y aumentando la financiación existente.<br>Mayor responsabilidad del sector productivo en la oferta de formación dual<br>Incremento de la productividad como vía para el aumento de la relación salarios/rentas mínimas<br>Desarrollo de una mayor diversificación económica sectorial<br>Mejora de la movilidad geográfica laboral<br>Papel de las Universidades</td></tr><tr><td>Metodología para profundizar en su estudio y soluciones</td><td>Datos de Cuadro de mando<br>Grupo trabajo interno Foro e inputs expertos</td></tr><tr><td>Hoja de ruta</td><td>Elaborar cuadro de mando estadístico para Tenerife<br>Reuniones grupo de trabajo<br>Análisis experto<br>Conclusiones</td></tr></tbody><tfoot><tr><td></td><td></td></tr></tfoot></table></figure>

<p>Diferentes factores están agravando los problemas que desde la recuperación del COVID las empresas tienen para contratar sus necesidades laborales, en particular en determinadas ramas profesionales. Este problema coexiste con un crecimiento poblacional alto y con una alta tasa de paro lo que indica que el mercado laboral muestra disfuncionalidades que es necesario analizar. Vinculado [&hellip;]</p>

<!-- This site is optimized with the Yoast SEO plugin v26.4 - https://yoast.com/wordpress/plugins/seo/ -->
<title>Disfuncionalidades del Mercado Laboral, formación y capacitación laboral - Foro por el Progreso de Tenerife</title>
<meta name="robots" content="noindex, follow, max-snippet:-1, max-image-preview:large, max-video-preview:-1" />
<meta property="og:locale" content="es_ES" />
<meta property="og:type" content="article" />
<meta property="og:title" content="Disfuncionalidades del Mercado Laboral, formación y capacitación laboral - Foro por el Progreso de Tenerife" />
<meta property="og:description" content="Diferentes factores están agravando los problemas que desde la recuperación del COVID las empresas tienen para contratar sus necesidades laborales, en particular en determinadas ramas profesionales. Este problema coexiste con un crecimiento poblacional alto y con una alta tasa de paro lo que indica que el mercado laboral muestra disfuncionalidades que es necesario analizar. Vinculado [&hellip;]" />
<meta property="og:url" content="https://foroprogresotenerife.org/index.php/disfuncionalidades-del-mercado-laboral-formacion-y-capacitacion-laboral/" />
<meta property="og:site_name" content="Foro por el Progreso de Tenerife" />
<meta property="article:modified_time" content="2024-03-19T09:04:41+00:00" />
<meta name="twitter:card" content="summary_large_image" />
<meta name="twitter:label1" content="Tiempo de lectura" />
	<meta name="twitter:data1" content="2 minutos" />
<script type="application/ld+json" class="yoast-schema-graph">{"@context":"https://schema.org","@graph":[{"@type":"WebPage","@id":"https://foroprogresotenerife.org/index.php/disfuncionalidades-del-mercado-laboral-formacion-y-capacitacion-laboral/","url":"https://foroprogresotenerife.org/index.php/disfuncionalidades-del-mercado-laboral-formacion-y-capacitacion-laboral/","name":"Disfuncionalidades del Mercado Laboral, formación y capacitación laboral - Foro por el Progreso de Tenerife","isPartOf":{"@id":"https://foroprogresotenerife.org/#website"},"datePublished":"2024-03-18T23:52:00+00:00","dateModified":"2024-03-19T09:04:41+00:00","breadcrumb":{"@id":"https://foroprogresotenerife.org/index.php/disfuncionalidades-del-mercado-laboral-formacion-y-capacitacion-laboral/#breadcrumb"},"inLanguage":"es","potentialAction":[{"@type":"ReadAction","target":["https://foroprogresotenerife.org/index.php/disfuncionalidades-del-mercado-laboral-formacion-y-capacitacion-laboral/"]}]},{"@type":"BreadcrumbList","@id":"https://foroprogresotenerife.org/index.php/disfuncionalidades-del-mercado-laboral-formacion-y-capacitacion-laboral/#breadcrumb","itemListElement":[{"@type":"ListItem","position":1,"name":"Portada","item":"https://foroprogresotenerife.org/"},{"@type":"ListItem","position":2,"name":"Disfuncionalidades del Mercado Laboral, formación y capacitación laboral"}]},{"@type":"WebSite","@id":"https://foroprogresotenerife.org/#website","url":"https://foroprogresotenerife.org/","name":"Foro por el Progreso de Tenerife","description":"El sector empresarial de Tenerife se une para favorecer el crecimiento de la Isla y reducir los desequilibrios","publisher":{"@id":"https://foroprogresotenerife.org/#organization"},"potentialAction":[{"@type":"SearchAction","target":{"@type":"EntryPoint","urlTemplate":"https://foroprogresotenerife.org/?s={search_term_string}"},"query-input":{"@type":"PropertyValueSpecification","valueRequired":true,"valueName":"search_term_string"}}],"inLanguage":"es"},{"@type":"Organization","@id":"https://foroprogresotenerife.org/#organization","name":"Foro por el Progreso de Tenerife","url":"https://foroprogresotenerife.org/","logo":{"@type":"ImageObject","inLanguage":"es","@id":"https://foroprogresotenerife.org/#/schema/logo/image/","url":"https://foroprogresotenerife.org/wp-content/uploads/2024/03/cropped-icono.png","contentUrl":"https://foroprogresotenerife.org/wp-content/uploads/2024/03/cropped-icono.png","width":512,"height":512,"caption":"Foro por el Progreso de Tenerife"},"image":{"@id":"https://foroprogresotenerife.org/#/schema/logo/image/"},"sameAs":["https://www.linkedin.com/company/foro-progreso-tenerife/"]}]}</script>
<!-- / Yoast SEO plugin. -->

Disfuncionalidades del Mercado Laboral, formación y capacitación laboral - Foro por el Progreso de Tenerife

Diferentes factores están agravando los problemas que desde la recuperación del COVID las empresas tienen para contratar sus necesidades laborales, en particular en determinadas ramas profesionales. Este problema coexiste con un crecimiento poblacional alto y con una alta tasa de paro lo que indica que el mercado laboral muestra disfuncionalidades que es necesario analizar. Vinculado [&hellip;]
